CRAN Package Check Results for Package bayesTFR

Last updated on 2018-11-17 20:47:37 CET.

Flavor Version Tinstall Tcheck Ttotal Status Flags
r-devel-linux-x86_64-debian-clang 6.2-0 10.07 66.21 76.28 OK
r-devel-linux-x86_64-debian-gcc 6.2-0 8.91 55.02 63.93 OK
r-devel-linux-x86_64-fedora-clang 6.2-0 71.77 NOTE
r-devel-linux-x86_64-fedora-gcc 6.2-0 71.67 OK
r-devel-windows-ix86+x86_64 6.2-0 35.00 131.00 166.00 OK
r-patched-linux-x86_64 6.2-0 12.90 65.02 77.92 OK
r-patched-solaris-x86 6.2-0 123.70 OK
r-release-linux-x86_64 6.2-0 10.65 63.71 74.36 OK
r-release-windows-ix86+x86_64 6.2-0 35.00 134.00 169.00 OK
r-release-osx-x86_64 6.2-0 NOTE
r-oldrel-windows-ix86+x86_64 6.2-0 28.00 138.00 166.00 OK
r-oldrel-osx-x86_64 6.2-0 NOTE

Check Details

Version: 6.2-0
Check: installed package size
Result: NOTE
     installed size is 6.1Mb
     sub-directories of 1Mb or more:
     ex-data 4.7Mb
Flavors: r-devel-linux-x86_64-fedora-clang, r-release-osx-x86_64, r-oldrel-osx-x86_64