CRAN Package Check Results for Package bayesTFR

Last updated on 2018-08-19 21:53:40 CEST.

Flavor Version Tinstall Tcheck Ttotal Status Flags
r-devel-linux-x86_64-debian-clang 6.1-2 10.76 69.58 80.34 OK
r-devel-linux-x86_64-debian-gcc 6.1-2 8.47 55.56 64.03 OK
r-devel-linux-x86_64-fedora-clang 6.1-2 72.94 NOTE
r-devel-linux-x86_64-fedora-gcc 6.1-2 81.00 OK
r-devel-windows-ix86+x86_64 6.1-2 40.00 129.00 169.00 OK
r-patched-linux-x86_64 6.1-2 10.93 64.00 74.93 OK
r-patched-solaris-x86 6.1-2 129.90 OK
r-release-linux-x86_64 6.1-2 11.08 66.90 77.98 OK
r-release-windows-ix86+x86_64 6.1-2 37.00 88.00 125.00 OK
r-release-osx-x86_64 6.1-2 NOTE
r-oldrel-windows-ix86+x86_64 6.1-2 18.00 133.00 151.00 OK
r-oldrel-osx-x86_64 6.1-2 NOTE

Check Details

Version: 6.1-2
Check: installed package size
Result: NOTE
     installed size is 6.1Mb
     sub-directories of 1Mb or more:
     ex-data 4.7Mb
Flavors: r-devel-linux-x86_64-fedora-clang, r-release-osx-x86_64, r-oldrel-osx-x86_64