CRAN Package Check Results for Package bayesTFR

Last updated on 2019-02-17 20:08:12 CET.

Flavor Version Tinstall Tcheck Ttotal Status Flags
r-devel-linux-x86_64-debian-clang 6.2-0 11.31 69.65 80.96 OK
r-devel-linux-x86_64-debian-gcc 6.2-0 10.34 58.11 68.45 OK
r-devel-linux-x86_64-fedora-clang 6.2-0 99.30 NOTE
r-devel-linux-x86_64-fedora-gcc 6.2-0 77.67 OK
r-devel-windows-ix86+x86_64 6.2-0 75.00 100.00 175.00 OK
r-patched-linux-x86_64 6.2-0 10.80 65.69 76.49 OK
r-patched-solaris-x86 6.2-0 124.80 OK
r-release-linux-x86_64 6.2-0 OK
r-release-windows-ix86+x86_64 6.2-0 25.00 156.00 181.00 OK
r-release-osx-x86_64 6.2-0 NOTE
r-oldrel-windows-ix86+x86_64 6.2-0 26.00 148.00 174.00 OK
r-oldrel-osx-x86_64 6.2-0 NOTE

Check Details

Version: 6.2-0
Check: installed package size
Result: NOTE
     installed size is 6.1Mb
     sub-directories of 1Mb or more:
     ex-data 4.7Mb
Flavors: r-devel-linux-x86_64-fedora-clang, r-release-osx-x86_64, r-oldrel-osx-x86_64