CRAN Package Check Results for Package bayesTFR

Last updated on 2018-05-21 21:47:41 CEST.

Flavor Version Tinstall Tcheck Ttotal Status Flags
r-devel-linux-x86_64-debian-clang 6.1-2 11.30 62.76 74.06 OK
r-devel-linux-x86_64-debian-gcc 6.1-2 8.83 53.17 62.00 OK
r-devel-linux-x86_64-fedora-clang 6.1-2 96.55 NOTE
r-devel-linux-x86_64-fedora-gcc 6.1-2 91.19 NOTE
r-devel-windows-ix86+x86_64 6.1-2 42.00 150.00 192.00 OK
r-patched-linux-x86_64 6.1-2 10.21 68.19 78.40 OK
r-patched-solaris-x86 6.1-2 123.10 OK
r-release-linux-x86_64 6.1-2 11.83 67.16 78.99 OK
r-release-windows-ix86+x86_64 6.1-2 24.00 131.00 155.00 OK
r-release-osx-x86_64 6.1-2 NOTE
r-oldrel-windows-ix86+x86_64 6.1-2 24.00 97.00 121.00 OK
r-oldrel-osx-x86_64 6.1-2 NOTE

Check Details

Version: 6.1-2
Check: installed package size
Result: NOTE
     installed size is 6.1Mb
     sub-directories of 1Mb or more:
     ex-data 4.7Mb
Flavors: r-devel-linux-x86_64-fedora-clang, r-devel-linux-x86_64-fedora-gcc, r-release-osx-x86_64, r-oldrel-osx-x86_64