CRAN Package Check Results for Package bayesboot

Last updated on 2024-02-28 19:49:30 CET.

Flavor Version Tinstall Tcheck Ttotal Status Flags
r-devel-linux-x86_64-debian-clang 0.2.2 2.65 36.17 38.82 NOTE
r-devel-linux-x86_64-debian-gcc 0.2.2 2.03 27.13 29.16 NOTE
r-devel-linux-x86_64-fedora-clang 0.2.2 46.53 NOTE
r-devel-linux-x86_64-fedora-gcc 0.2.2 46.07 NOTE
r-devel-windows-x86_64 0.2.2 3.00 51.00 54.00 NOTE
r-patched-linux-x86_64 0.2.2 4.89 34.83 39.72 NOTE
r-release-linux-x86_64 0.2.2 2.62 34.94 37.56 NOTE
r-release-macos-arm64 0.2.2 21.00 NOTE
r-release-macos-x86_64 0.2.2 29.00 NOTE
r-release-windows-x86_64 0.2.2 4.00 65.00 69.00 NOTE
r-oldrel-macos-arm64 0.2.2 22.00 NOTE
r-oldrel-windows-x86_64 0.2.2 4.00 57.00 61.00 NOTE

Check Details

Version: 0.2.2
Check: LazyData
Result: NOTE 'LazyData' is specified without a 'data' directory Flavors: r-devel-linux-x86_64-debian-clang, r-devel-linux-x86_64-debian-gcc, r-devel-linux-x86_64-fedora-clang, r-devel-linux-x86_64-fedora-gcc, r-devel-windows-x86_64, r-patched-linux-x86_64, r-release-linux-x86_64, r-release-macos-arm64, r-release-macos-x86_64, r-release-windows-x86_64, r-oldrel-macos-arm64, r-oldrel-windows-x86_64