CRAN Package Check Results for Package bayesm

Last updated on 2024-02-21 19:53:08 CET.

Flavor Version Tinstall Tcheck Ttotal Status Flags
r-devel-linux-x86_64-debian-clang 3.1-6 OK
r-devel-linux-x86_64-debian-gcc 3.1-6 524.55 329.06 853.61 OK
r-devel-linux-x86_64-fedora-clang 3.1-6 1733.57 NOTE
r-devel-linux-x86_64-fedora-gcc 3.1-6 1622.10 OK
r-devel-windows-x86_64 3.1-6 497.00 432.00 929.00 NOTE
r-patched-linux-x86_64 3.1-6 649.95 417.77 1067.72 OK
r-release-linux-x86_64 3.1-6 659.81 434.24 1094.05 OK
r-release-macos-arm64 3.1-6 338.00 NOTE
r-release-macos-x86_64 3.1-6 594.00 NOTE
r-release-windows-x86_64 3.1-6 634.00 508.00 1142.00 NOTE
r-oldrel-macos-arm64 3.1-6 304.00 NOTE
r-oldrel-windows-x86_64 3.1-6 602.00 495.00 1097.00 NOTE

Check Details

Version: 3.1-6
Check: installed package size
Result: NOTE installed size is 5.9Mb sub-directories of 1Mb or more: doc 2.9Mb libs 1.4Mb Flavors: r-devel-linux-x86_64-fedora-clang, r-devel-windows-x86_64, r-release-macos-arm64, r-release-macos-x86_64, r-release-windows-x86_64, r-oldrel-macos-arm64, r-oldrel-windows-x86_64