CRAN Package Check Results for Package bayesmodels

Last updated on 2021-12-08 19:51:23 CET.

Flavor Version Tinstall Tcheck Ttotal Status Flags
r-devel-linux-x86_64-debian-clang 0.1.1 23.39 476.35 499.74 OK
r-devel-linux-x86_64-debian-gcc 0.1.1 18.59 360.56 379.15 OK
r-devel-linux-x86_64-fedora-clang 0.1.1 621.19 NOTE
r-devel-linux-x86_64-fedora-gcc 0.1.1 600.74 NOTE
r-devel-windows-x86_64-new-UL 0.1.1 46.00 500.00 546.00 OK
r-devel-windows-x86_64-new-TK 0.1.1 NOTE
r-devel-windows-x86_64-old 0.1.1 42.00 577.00 619.00 OK
r-patched-linux-x86_64 0.1.1 30.46 445.44 475.90 OK
r-release-linux-x86_64 0.1.1 24.46 450.83 475.29 OK
r-release-macos-arm64 0.1.1 NOTE
r-release-macos-x86_64 0.1.1 NOTE
r-release-windows-ix86+x86_64 0.1.1 42.00 549.00 591.00 OK
r-oldrel-macos-x86_64 0.1.1 NOTE
r-oldrel-windows-ix86+x86_64 0.1.1 64.00 570.00 634.00 OK

Check Details

Version: 0.1.1
Check: dependencies in R code
Result: NOTE
    Namespace in Imports field not imported from: ‘workflows’
     All declared Imports should be used.
Flavors: r-devel-linux-x86_64-fedora-clang, r-devel-linux-x86_64-fedora-gcc, r-devel-windows-x86_64-new-TK, r-release-macos-arm64, r-release-macos-x86_64, r-oldrel-macos-x86_64