CRAN Package Check Results for Package baygel

Last updated on 2024-02-28 19:49:30 CET.

Flavor Version Tinstall Tcheck Ttotal Status Flags
r-devel-linux-x86_64-debian-clang 0.3.0 178.64 32.38 211.02 OK
r-devel-linux-x86_64-debian-gcc 0.3.0 127.17 23.46 150.63 OK
r-devel-linux-x86_64-fedora-clang 0.3.0 296.04 OK
r-devel-linux-x86_64-fedora-gcc 0.3.0 309.00 OK
r-devel-windows-x86_64 0.3.0 125.00 70.00 195.00 OK
r-patched-linux-x86_64 0.3.0 169.60 30.45 200.05 OK
r-release-linux-x86_64 0.3.0 162.86 30.15 193.01 OK
r-release-macos-arm64 0.3.0 61.00 NOTE
r-release-macos-x86_64 0.3.0 82.00 NOTE
r-release-windows-x86_64 0.3.0 157.00 75.00 232.00 OK
r-oldrel-macos-arm64 0.3.0 61.00 NOTE
r-oldrel-windows-x86_64 0.3.0 153.00 73.00 226.00 OK

Check Details

Version: 0.3.0
Check: installed package size
Result: NOTE installed size is 5.4Mb sub-directories of 1Mb or more: libs 5.3Mb Flavors: r-release-macos-arm64, r-release-macos-x86_64, r-oldrel-macos-arm64