CRAN Package Check Results for Package bbotk

Last updated on 2024-07-14 21:48:06 CEST.

Flavor Version Tinstall Tcheck Ttotal Status Flags
r-devel-linux-x86_64-debian-clang 1.0.0 19.12 276.70 295.82 OK
r-devel-linux-x86_64-debian-gcc 1.0.0 16.42 206.78 223.20 OK
r-devel-linux-x86_64-fedora-clang 1.0.0 397.23 OK
r-devel-linux-x86_64-fedora-gcc 1.0.0 362.20 OK
r-devel-windows-x86_64 1.0.0 20.00 222.00 242.00 OK
r-patched-linux-x86_64 1.0.0 25.48 262.87 288.35 OK
r-release-linux-x86_64 1.0.0 23.41 249.87 273.28 OK
r-release-macos-arm64 1.0.0 125.00 OK
r-release-macos-x86_64 1.0.0 293.00 OK
r-release-windows-x86_64 1.0.0 22.00 240.00 262.00 OK
r-oldrel-macos-arm64 1.0.0 10.00 ERROR
r-oldrel-macos-x86_64 1.0.0 12.00 ERROR
r-oldrel-windows-x86_64 1.0.0 26.00 330.00 356.00 OK

Check Details

Version: 1.0.0
Check: package dependencies
Result: ERROR Package required and available but unsuitable version: ‘paradox’ See section ‘The DESCRIPTION file’ in the ‘Writing R Extensions’ manual. Flavors: r-oldrel-macos-arm64, r-oldrel-macos-x86_64