CRAN Package Check Results for Package bcp

Last updated on 2022-05-22 21:53:44 CEST.

Flavor Version Tinstall Tcheck Ttotal Status Flags
r-devel-linux-x86_64-debian-clang 4.0.3 109.46 52.98 162.44 OK
r-devel-linux-x86_64-debian-gcc 4.0.3 87.82 39.86 127.68 OK
r-devel-linux-x86_64-fedora-clang 4.0.3 233.89 OK
r-devel-linux-x86_64-fedora-gcc 4.0.3 210.60 OK
r-devel-windows-x86_64 4.0.3 91.00 92.00 183.00 OK
r-patched-linux-x86_64 4.0.3 85.23 50.77 136.00 OK
r-release-linux-x86_64 4.0.3 93.16 50.29 143.45 OK
r-release-macos-arm64 4.0.3 53.00 NOTE
r-release-macos-x86_64 4.0.3 72.00 NOTE
r-release-windows-x86_64 4.0.3 86.00 96.00 182.00 OK
r-oldrel-macos-arm64 4.0.3 61.00 NOTE
r-oldrel-macos-x86_64 4.0.3 99.00 OK
r-oldrel-windows-ix86+x86_64 4.0.3 260.00 113.00 373.00 OK

Check Details

Version: 4.0.3
Check: package dependencies
Result: NOTE
    Package suggested but not available for checking: ‘DNAcopy’
Flavor: r-release-macos-arm64

Version: 4.0.3
Check: installed package size
Result: NOTE
     installed size is 5.4Mb
     sub-directories of 1Mb or more:
     libs 5.1Mb
Flavors: r-release-macos-arm64, r-release-macos-x86_64, r-oldrel-macos-arm64