CRAN Package Check Results for Package bcp

Last updated on 2023-12-03 19:48:26 CET.

Flavor Version Tinstall Tcheck Ttotal Status Flags
r-devel-linux-x86_64-debian-clang 4.0.3 108.60 43.52 152.12 WARN
r-devel-linux-x86_64-debian-gcc 4.0.3 80.15 33.40 113.55 WARN
r-devel-linux-x86_64-fedora-clang 4.0.3 253.60 WARN
r-devel-linux-x86_64-fedora-gcc 4.0.3 246.18 WARN
r-devel-windows-x86_64 4.0.3 87.00 79.00 166.00 WARN
r-patched-linux-x86_64 4.0.3 93.61 43.11 136.72 OK
r-release-linux-x86_64 4.0.3 89.13 43.83 132.96 OK
r-release-macos-arm64 4.0.3 56.00 NOTE
r-release-macos-x86_64 4.0.3 92.00 NOTE
r-release-windows-x86_64 4.0.3 112.00 87.00 199.00 OK
r-oldrel-macos-arm64 4.0.3 53.00 NOTE
r-oldrel-macos-x86_64 4.0.3 72.00 NOTE
r-oldrel-windows-x86_64 4.0.3 111.00 84.00 195.00 OK

Check Details

Version: 4.0.3
Check: whether package can be installed
Result: WARN Found the following significant warnings: ./Params.h:122:76: warning: format specifies type 'int' but the argument has type 'R_xlen_t' (aka 'long') [-Wformat] ./Graph.h:187:27: warning: format specifies type 'int' but the argument has type 'size_type' (aka 'unsigned long') [-Wformat] Cbcpgraph.cpp:58:66: warning: more '%' conversions than data arguments [-Wformat-insufficient-args] See ‘/home/hornik/tmp/R.check/r-devel-clang/Work/PKGS/bcp.Rcheck/00install.out’ for details. * used C++ compiler: ‘Debian clang version 17.0.5 (1)’ Flavor: r-devel-linux-x86_64-debian-clang

Version: 4.0.3
Check: whether package can be installed
Result: WARN Found the following significant warnings: HelperVariables.h:135:15: warning: '0' flag ignored with precision and ‘%d’ gnu_printf format [-Wformat=] Params.h:122:57: warning: format ‘%d’ expects argument of type ‘int’, but argument 4 has type ‘R_xlen_t’ {aka ‘long int’} [-Wformat=] Graph.h:186:66: warning: format ‘%d’ expects argument of type ‘int’, but argument 4 has type ‘std::vector<Node>::size_type’ {aka ‘long unsigned int’} [-Wformat=] Cbcpgraph.cpp:58:66: warning: format ‘%f’ expects a matching ‘double’ argument [-Wformat=] See ‘/home/hornik/tmp/R.check/r-devel-gcc/Work/PKGS/bcp.Rcheck/00install.out’ for details. * used C++ compiler: ‘g++-13 (Debian 13.2.0-5) 13.2.0’ Flavor: r-devel-linux-x86_64-debian-gcc

Version: 4.0.3
Check: whether package can be installed
Result: WARN Found the following significant warnings: ./Params.h:122:76: warning: format specifies type 'int' but the argument has type 'R_xlen_t' (aka 'long') [-Wformat] ./Graph.h:187:27: warning: format specifies type 'int' but the argument has type 'size_type' (aka 'unsigned long') [-Wformat] Cbcpgraph.cpp:58:66: warning: more '%' conversions than data arguments [-Wformat-insufficient-args] See ‘/data/gannet/ripley/R/packages/tests-clang/bcp.Rcheck/00install.out’ for details. * used C++ compiler: ‘clang version 17.0.5’ Flavor: r-devel-linux-x86_64-fedora-clang

Version: 4.0.3
Check: whether package can be installed
Result: WARN Found the following significant warnings: HelperVariables.h:135:15: warning: '0' flag ignored with precision and '%d' gnu_printf format [-Wformat=] Params.h:122:57: warning: format '%d' expects argument of type 'int', but argument 4 has type 'R_xlen_t' {aka 'long int'} [-Wformat=] Graph.h:186:66: warning: format '%d' expects argument of type 'int', but argument 4 has type 'std::vector<Node>::size_type' {aka 'long unsigned int'} [-Wformat=] Cbcpgraph.cpp:58:66: warning: format '%f' expects a matching 'double' argument [-Wformat=] See ‘/data/gannet/ripley/R/packages/tests-devel/bcp.Rcheck/00install.out’ for details. * used C++ compiler: ‘g++-13 (GCC) 13.2.0’ Flavor: r-devel-linux-x86_64-fedora-gcc

Version: 4.0.3
Check: whether package can be installed
Result: WARN Found the following significant warnings: HelperVariables.h:135:15: warning: '0' flag ignored with precision and '%d' gnu_printf format [-Wformat=] Params.h:122:57: warning: format '%d' expects argument of type 'int', but argument 4 has type 'R_xlen_t' {aka 'long long int'} [-Wformat=] Graph.h:186:66: warning: format '%d' expects argument of type 'int', but argument 4 has type 'std::vector<Node>::size_type' {aka 'long long unsigned int'} [-Wformat=] Cbcpgraph.cpp:58:66: warning: format '%f' expects a matching 'double' argument [-Wformat=] See 'd:/Rcompile/CRANpkg/local/4.4/bcp.Rcheck/00install.out' for details. * used C++ compiler: 'g++.exe (GCC) 12.3.0' Flavor: r-devel-windows-x86_64

Version: 4.0.3
Check: installed package size
Result: NOTE installed size is 5.4Mb sub-directories of 1Mb or more: libs 5.1Mb Flavors: r-release-macos-arm64, r-release-macos-x86_64, r-oldrel-macos-arm64, r-oldrel-macos-x86_64