CRAN Package Check Results for Package bcrm

Last updated on 2022-11-30 19:53:23 CET.

Flavor Version Tinstall Tcheck Ttotal Status Flags
r-devel-linux-x86_64-debian-clang 0.5.4 9.15 70.36 79.51 OK
r-devel-linux-x86_64-debian-gcc 0.5.4 7.04 51.53 58.57 OK
r-devel-linux-x86_64-fedora-clang 0.5.4 112.54 NOTE
r-devel-linux-x86_64-fedora-gcc 0.5.4 102.59 NOTE
r-devel-windows-x86_64 0.5.4 20.00 90.00 110.00 NOTE
r-patched-linux-x86_64 0.5.4 8.81 63.21 72.02 OK
r-release-linux-x86_64 0.5.4 8.36 63.43 71.79 OK
r-release-macos-arm64 0.5.4 28.00 NOTE
r-release-macos-x86_64 0.5.4 55.00 NOTE
r-release-windows-x86_64 0.5.4 19.00 96.00 115.00 NOTE
r-oldrel-macos-arm64 0.5.4 38.00 NOTE
r-oldrel-macos-x86_64 0.5.4 58.00 NOTE
r-oldrel-windows-ix86+x86_64 0.5.4 20.00 88.00 108.00 OK

Check Details

Version: 0.5.4
Check: dependencies in R code
Result: NOTE
    Namespaces in Imports field not imported from:
     ‘knitr’ ‘rlang’
     All declared Imports should be used.
Flavors: r-devel-linux-x86_64-fedora-clang, r-devel-linux-x86_64-fedora-gcc, r-release-macos-arm64, r-release-macos-x86_64, r-oldrel-macos-arm64, r-oldrel-macos-x86_64

Version: 0.5.4
Check: package dependencies
Result: NOTE
    Package suggested but not available for checking: 'BRugs'
Flavors: r-devel-windows-x86_64, r-release-macos-arm64, r-release-windows-x86_64, r-oldrel-macos-x86_64

Version: 0.5.4
Check: package dependencies
Result: NOTE
    Packages suggested but not available for checking: 'BRugs', 'rjags'
Flavors: r-release-macos-x86_64, r-oldrel-macos-arm64