CRAN Package Check Results for Package bdchecks

Last updated on 2022-01-16 19:49:20 CET.

Flavor Version Tinstall Tcheck Ttotal Status Flags
r-devel-linux-x86_64-debian-clang 0.1.7 12.60 107.57 120.17 OK
r-devel-linux-x86_64-debian-gcc 0.1.7 9.42 90.35 99.77 OK
r-devel-linux-x86_64-fedora-clang 0.1.7 149.05 NOTE
r-devel-linux-x86_64-fedora-gcc 0.1.7 138.00 NOTE
r-devel-windows-x86_64-new-UL 0.1.7 62.00 126.00 188.00 OK
r-devel-windows-x86_64-new-TK 0.1.7 NOTE
r-patched-linux-x86_64 0.1.7 11.30 101.17 112.47 OK
r-release-linux-x86_64 0.1.7 OK
r-release-macos-arm64 0.1.7 NOTE
r-release-macos-x86_64 0.1.7 NOTE
r-release-windows-ix86+x86_64 0.1.7 35.00 142.00 177.00 OK
r-oldrel-macos-x86_64 0.1.7 NOTE
r-oldrel-windows-ix86+x86_64 0.1.7 34.00 137.00 171.00 OK

Check Details

Version: 0.1.7
Check: data for non-ASCII characters
Result: NOTE
     Note: found 72 marked UTF-8 strings
Flavors: r-devel-linux-x86_64-fedora-clang, r-devel-linux-x86_64-fedora-gcc, r-devel-windows-x86_64-new-TK, r-release-macos-arm64, r-release-macos-x86_64, r-oldrel-macos-x86_64