CRAN Package Check Results for Package bdsmatrix

Last updated on 2022-01-16 19:49:20 CET.

Flavor Version Tinstall Tcheck Ttotal Status Flags
r-devel-linux-x86_64-debian-clang 1.3-4 10.63 56.40 67.03 NOTE
r-devel-linux-x86_64-debian-gcc 1.3-4 7.05 48.80 55.85 NOTE
r-devel-linux-x86_64-fedora-clang 1.3-4 87.98 NOTE
r-devel-linux-x86_64-fedora-gcc 1.3-4 73.92 NOTE
r-devel-windows-x86_64-new-UL 1.3-4 138.00 80.00 218.00 NOTE
r-devel-windows-x86_64-new-TK 1.3-4 NOTE
r-patched-linux-x86_64 1.3-4 9.47 56.34 65.81 NOTE
r-release-linux-x86_64 1.3-4 NOTE
r-release-macos-arm64 1.3-4 NOTE
r-release-macos-x86_64 1.3-4 NOTE
r-release-windows-ix86+x86_64 1.3-4 36.00 78.00 114.00 NOTE
r-oldrel-macos-x86_64 1.3-4 OK
r-oldrel-windows-ix86+x86_64 1.3-4 30.00 93.00 123.00 OK

Check Details

Version: 1.3-4
Check: LazyData
Result: NOTE
     'LazyData' is specified without a 'data' directory
Flavors: r-devel-linux-x86_64-debian-clang, r-devel-linux-x86_64-debian-gcc, r-devel-linux-x86_64-fedora-clang, r-devel-linux-x86_64-fedora-gcc, r-devel-windows-x86_64-new-UL, r-devel-windows-x86_64-new-TK, r-patched-linux-x86_64, r-release-linux-x86_64, r-release-macos-arm64, r-release-macos-x86_64, r-release-windows-ix86+x86_64