CRAN Package Check Results for Package beadplexr

Last updated on 2022-01-24 20:17:42 CET.

Flavor Version Tinstall Tcheck Ttotal Status Flags
r-devel-linux-x86_64-debian-clang 0.4.0 28.56 438.97 467.53 OK
r-devel-linux-x86_64-debian-gcc 0.4.0 20.69 322.56 343.25 OK
r-devel-linux-x86_64-fedora-clang 0.4.0 548.43 OK
r-devel-linux-x86_64-fedora-gcc 0.4.0 562.65 OK
r-devel-windows-x86_64-new-UL 0.4.0 287.00 469.00 756.00 OK
r-devel-windows-x86_64-new-TK 0.4.0 ERROR
r-patched-linux-x86_64 0.4.0 26.43 419.70 446.13 OK
r-release-linux-x86_64 0.4.0 26.25 418.89 445.14 OK
r-release-macos-arm64 0.4.0 OK
r-release-macos-x86_64 0.4.0 OK
r-release-windows-ix86+x86_64 0.4.0 60.00 477.00 537.00 OK
r-oldrel-macos-x86_64 0.4.0 OK
r-oldrel-windows-ix86+x86_64 0.4.0 62.00 490.00 552.00 OK

Check Details

Version: 0.4.0
Check: package dependencies
Result: ERROR
    Package required but not available: 'drc'
    
    See section 'The DESCRIPTION file' in the 'Writing R Extensions'
    manual.
Flavor: r-devel-windows-x86_64-new-TK