CRAN Package Check Results for Package beautier

Last updated on 2021-11-26 20:49:28 CET.

Flavor Version Tinstall Tcheck Ttotal Status Flags
r-devel-linux-x86_64-debian-clang 2.6.2 14.15 146.33 160.48 OK
r-devel-linux-x86_64-debian-gcc 2.6.2 10.25 111.71 121.96 OK
r-devel-linux-x86_64-fedora-clang 2.6.2 205.95 OK
r-devel-linux-x86_64-fedora-gcc 2.6.2 196.86 OK
r-devel-windows-x86_64-new-UL 2.6.2 70.00 271.00 341.00 OK
r-devel-windows-x86_64-new-TK 2.6.2 OK
r-devel-windows-x86_64-old 2.6.2 20.00 148.00 168.00 ERROR
r-patched-linux-x86_64 2.6.2 19.00 147.83 166.83 OK
r-patched-solaris-x86 2.6.2 219.80 OK
r-release-linux-x86_64 2.6.2 OK
r-release-macos-arm64 2.6.2 OK
r-release-macos-x86_64 2.6.2 OK
r-release-windows-ix86+x86_64 2.6.2 27.00 146.00 173.00 ERROR
r-oldrel-macos-x86_64 2.6.2 OK
r-oldrel-windows-ix86+x86_64 2.6.2 19.00 157.00 176.00 ERROR

Additional issues

donttest

Check Details

Version: 2.6.2
Check: examples
Result: ERROR
    Running examples in 'beautier-Ex.R' failed
    The error most likely occurred in:
    
    > ### Name: check_empty_beautier_folder
    > ### Title: Check there are no files in the default beautier folder
    > ### Aliases: check_empty_beautier_folder
    >
    > ### ** Examples
    >
    > check_empty_beautier_folder()
    Error in check_empty_beautier_folder() : Files found in beautier folder.
    beautier_folder: C:\Users\CRAN\AppData\Local/beautier/beautier/Cache
    length(list.files(beautier_folder))): 3
    head(list.files(beautier_folder)): C:\Users\CRAN\AppData\Local/beautier/beautier/Cache/file13670ff35c02,C:\Users\CRAN\AppData\Local/beautier/beautier/Cache/file178c45757dd,C:\Users\CRAN\AppData\Local/beautier/beautier/Cache/fileb9f87bd32678
    Execution halted
Flavors: r-devel-windows-x86_64-old, r-release-windows-ix86+x86_64, r-oldrel-windows-ix86+x86_64