CRAN Package Check Results for Package bgw

Last updated on 2024-02-26 19:50:03 CET.

Flavor Version Tinstall Tcheck Ttotal Status Flags
r-devel-linux-x86_64-debian-clang 0.1.2 5.61 2.10 7.71 ERROR
r-devel-linux-x86_64-debian-gcc 0.1.2 6.81 26.43 33.24 OK
r-devel-linux-x86_64-fedora-clang 0.1.2 9.25 ERROR
r-devel-linux-x86_64-fedora-gcc 0.1.2 63.82 OK
r-devel-windows-x86_64 0.1.2 10.00 52.00 62.00 OK
r-patched-linux-x86_64 0.1.2 7.48 33.14 40.62 OK
r-release-linux-x86_64 0.1.2 7.66 33.33 40.99 OK
r-release-macos-arm64 0.1.2 44.00 OK
r-release-macos-x86_64 0.1.2 81.00 OK
r-release-windows-x86_64 0.1.2 12.00 55.00 67.00 OK
r-oldrel-macos-arm64 0.1.2 38.00 OK
r-oldrel-windows-x86_64 0.1.2 12.00 55.00 67.00 OK

Additional issues

clang17 clang17

Check Details

Version: 0.1.2
Check: whether package can be installed
Result: ERROR Installation failed. Flavors: r-devel-linux-x86_64-debian-clang, r-devel-linux-x86_64-fedora-clang