CRAN Package Check Results for Package bife

Last updated on 2024-03-04 19:54:07 CET.

Flavor Version Tinstall Tcheck Ttotal Status Flags
r-devel-linux-x86_64-debian-clang 0.7.2 47.32 42.45 89.77 NOTE
r-devel-linux-x86_64-debian-gcc 0.7.2 35.10 32.42 67.52 NOTE
r-devel-linux-x86_64-fedora-clang 0.7.2 126.03 NOTE
r-devel-linux-x86_64-fedora-gcc 0.7.2 135.89 NOTE
r-devel-windows-x86_64 0.7.2 37.00 76.00 113.00 NOTE
r-patched-linux-x86_64 0.7.2 40.17 40.50 80.67 NOTE
r-release-linux-x86_64 0.7.2 41.64 40.94 82.58 NOTE
r-release-macos-arm64 0.7.2 42.00 NOTE
r-release-macos-x86_64 0.7.2 64.00 NOTE
r-release-windows-x86_64 0.7.2 34.00 85.00 119.00 NOTE
r-oldrel-macos-arm64 0.7.2 33.00 OK
r-oldrel-windows-x86_64 0.7.2 46.00 84.00 130.00 OK

Check Details

Version: 0.7.2
Check: C++ specification
Result: NOTE Specified C++11: please drop specification unless essential Flavors: r-devel-linux-x86_64-debian-clang, r-devel-linux-x86_64-debian-gcc, r-devel-linux-x86_64-fedora-clang, r-devel-linux-x86_64-fedora-gcc, r-devel-windows-x86_64, r-patched-linux-x86_64, r-release-linux-x86_64, r-release-macos-arm64, r-release-macos-x86_64, r-release-windows-x86_64