CRAN Package Check Results for Package bife

Last updated on 2024-07-23 21:48:55 CEST.

Flavor Version Tinstall Tcheck Ttotal Status Flags
r-devel-linux-x86_64-debian-clang 0.7.2 36.96 44.72 81.68 NOTE
r-devel-linux-x86_64-debian-gcc 0.7.2 25.46 33.62 59.08 NOTE
r-devel-linux-x86_64-fedora-clang 0.7.2 131.92 NOTE
r-devel-linux-x86_64-fedora-gcc 0.7.2 125.50 NOTE
r-devel-windows-x86_64 0.7.2 33.00 74.00 107.00 NOTE
r-patched-linux-x86_64 0.7.2 41.31 43.06 84.37 NOTE
r-release-linux-x86_64 0.7.2 32.57 41.21 73.78 NOTE
r-release-macos-arm64 0.7.2 35.00 NOTE
r-release-macos-x86_64 0.7.2 84.00 NOTE
r-release-windows-x86_64 0.7.2 39.00 72.00 111.00 NOTE
r-oldrel-macos-arm64 0.7.2 42.00 NOTE
r-oldrel-macos-x86_64 0.7.2 64.00 NOTE
r-oldrel-windows-x86_64 0.7.2 38.00 83.00 121.00 NOTE

Check Details

Version: 0.7.2
Check: C++ specification
Result: NOTE Specified C++11: please drop specification unless essential Flavors: r-devel-linux-x86_64-debian-clang, r-devel-linux-x86_64-debian-gcc, r-devel-linux-x86_64-fedora-clang, r-devel-linux-x86_64-fedora-gcc, r-devel-windows-x86_64, r-patched-linux-x86_64, r-release-linux-x86_64, r-release-macos-arm64, r-release-macos-x86_64, r-release-windows-x86_64, r-oldrel-macos-arm64, r-oldrel-macos-x86_64, r-oldrel-windows-x86_64