CRAN Package Check Results for Package bigQueryR

Last updated on 2023-02-03 19:51:56 CET.

Flavor Version Tinstall Tcheck Ttotal Status Flags
r-devel-linux-x86_64-debian-clang 0.5.0 5.70 44.68 50.38 NOTE
r-devel-linux-x86_64-debian-gcc 0.5.0 3.74 35.25 38.99 NOTE
r-devel-linux-x86_64-fedora-clang 0.5.0 64.20 NOTE
r-devel-linux-x86_64-fedora-gcc 0.5.0 73.73 NOTE
r-devel-windows-x86_64 0.5.0 29.00 87.00 116.00 NOTE
r-patched-linux-x86_64 0.5.0 5.45 43.63 49.08 NOTE
r-release-linux-x86_64 0.5.0 5.62 45.42 51.04 NOTE
r-release-macos-arm64 0.5.0 26.00 NOTE
r-release-macos-x86_64 0.5.0 50.00 NOTE
r-release-windows-x86_64 0.5.0 40.00 83.00 123.00 NOTE
r-oldrel-macos-arm64 0.5.0 28.00 NOTE
r-oldrel-macos-x86_64 0.5.0 57.00 NOTE
r-oldrel-windows-ix86+x86_64 0.5.0 12.00 71.00 83.00 NOTE

Check Details

Version: 0.5.0
Check: LazyData
Result: NOTE
     'LazyData' is specified without a 'data' directory
Flavors: r-devel-linux-x86_64-debian-clang, r-devel-linux-x86_64-debian-gcc, r-devel-linux-x86_64-fedora-clang, r-devel-linux-x86_64-fedora-gcc, r-devel-windows-x86_64, r-patched-linux-x86_64, r-release-linux-x86_64, r-release-macos-arm64, r-release-macos-x86_64, r-release-windows-x86_64, r-oldrel-macos-arm64, r-oldrel-macos-x86_64, r-oldrel-windows-ix86+x86_64

Version: 0.5.0
Check: Rd cross-references
Result: NOTE
    Undeclared package ‘bigrquery’ in Rd xrefs
Flavor: r-devel-linux-x86_64-fedora-clang