CRAN Package Check Results for Package biganalytics

Last updated on 2024-02-27 19:54:32 CET.

Flavor Version Tinstall Tcheck Ttotal Status Flags
r-devel-linux-x86_64-debian-clang 1.1.21 47.54 41.51 89.05 NOTE
r-devel-linux-x86_64-debian-gcc 1.1.21 32.26 31.62 63.88 NOTE
r-devel-linux-x86_64-fedora-clang 1.1.21 120.66 NOTE
r-devel-linux-x86_64-fedora-gcc 1.1.21 114.94 NOTE
r-devel-windows-x86_64 1.1.21 49.00 66.00 115.00 NOTE
r-patched-linux-x86_64 1.1.21 36.78 40.78 77.56 OK
r-release-linux-x86_64 1.1.21 44.08 40.42 84.50 OK
r-release-macos-arm64 1.1.21 35.00 OK
r-release-macos-x86_64 1.1.21 54.00 OK
r-release-windows-x86_64 1.1.21 60.00 76.00 136.00 OK
r-oldrel-macos-arm64 1.1.21 29.00 OK
r-oldrel-windows-x86_64 1.1.21 48.00 76.00 124.00 OK

Check Details

Version: 1.1.21
Check: package namespace information
Result: NOTE Found export directive that requires package ‘methods’: ‘exportMethods’ Remove all such namespace directives (if obsolete) or ensure that the DESCRIPTION Depends or Imports field contains ‘methods’. Flavors: r-devel-linux-x86_64-debian-clang, r-devel-linux-x86_64-debian-gcc, r-devel-linux-x86_64-fedora-clang, r-devel-linux-x86_64-fedora-gcc, r-devel-windows-x86_64