CRAN Package Check Results for Package bigchess

Last updated on 2022-05-26 21:50:01 CEST.

Flavor Version Tinstall Tcheck Ttotal Status Flags
r-devel-linux-x86_64-debian-clang 1.9.1 3.17 58.68 61.85 NOTE
r-devel-linux-x86_64-debian-gcc 1.9.1 2.89 50.05 52.94 NOTE
r-devel-linux-x86_64-fedora-clang 1.9.1 76.36 NOTE
r-devel-linux-x86_64-fedora-gcc 1.9.1 74.34 NOTE
r-devel-windows-x86_64 1.9.1 38.00 86.00 124.00 OK
r-patched-linux-x86_64 1.9.1 5.21 57.09 62.30 NOTE
r-release-linux-x86_64 1.9.1 4.26 56.72 60.98 NOTE
r-release-macos-arm64 1.9.1 24.00 OK
r-release-macos-x86_64 1.9.1 34.00 NOTE
r-release-windows-x86_64 1.9.1 36.00 79.00 115.00 OK
r-oldrel-macos-arm64 1.9.1 29.00 OK
r-oldrel-macos-x86_64 1.9.1 47.00 OK
r-oldrel-windows-ix86+x86_64 1.9.1 9.00 78.00 87.00 OK

Additional issues

donttest

Check Details

Version: 1.9.1
Check: package dependencies
Result: NOTE
    Package suggested but not available for checking: 'ffbase'
Flavors: r-devel-linux-x86_64-debian-clang, r-devel-linux-x86_64-debian-gcc, r-devel-linux-x86_64-fedora-clang, r-devel-linux-x86_64-fedora-gcc, r-patched-linux-x86_64, r-release-linux-x86_64, r-release-macos-x86_64