CRAN Package Check Results for Package bigmemory

Last updated on 2021-11-27 19:49:28 CET.

Flavor Version Tinstall Tcheck Ttotal Status Flags
r-devel-linux-x86_64-debian-clang 4.5.36 OK
r-devel-linux-x86_64-debian-gcc 4.5.36 61.23 34.64 95.87 OK
r-devel-linux-x86_64-fedora-clang 4.5.36 193.52 NOTE
r-devel-linux-x86_64-fedora-gcc 4.5.36 172.52 NOTE
r-devel-windows-x86_64-new-UL 4.5.36 147.00 114.00 261.00 OK
r-devel-windows-x86_64-new-TK 4.5.36 OK
r-devel-windows-x86_64-old 4.5.36 83.00 77.00 160.00 OK
r-patched-linux-x86_64 4.5.36 72.25 42.87 115.12 OK
r-patched-solaris-x86 4.5.36 160.20 OK
r-release-linux-x86_64 4.5.36 OK
r-release-macos-arm64 4.5.36 ERROR
r-release-macos-x86_64 4.5.36 NOTE
r-release-windows-ix86+x86_64 4.5.36 214.00 85.00 299.00 OK
r-oldrel-macos-x86_64 4.5.36 NOTE
r-oldrel-windows-ix86+x86_64 4.5.36 160.00 103.00 263.00 OK

Additional issues

clang-UBSAN M1mac

Check Details

Version: 4.5.36
Check: installed package size
Result: NOTE
     installed size is 7.0Mb
     sub-directories of 1Mb or more:
     libs 6.6Mb
Flavors: r-devel-linux-x86_64-fedora-clang, r-release-macos-arm64, r-release-macos-x86_64, r-oldrel-macos-x86_64

Version: 4.5.36
Check: top-level files
Result: NOTE
     possible bashism in configure line 14 (echo -n):
     echo -n " checking for Sun Studio compiler..."
     possible bashism in configure line 24 (echo -n):
     echo -n " checking for OS..."
Flavors: r-devel-linux-x86_64-fedora-clang, r-devel-linux-x86_64-fedora-gcc

Version: 4.5.36
Check: tests
Result: ERROR
     Running ‘testthat.R’ [2s/5s]
    Running the tests in ‘tests/testthat.R’ failed.
    Last 13 lines of output:
     > test_check("bigmemory")
     ══ Skipped tests ═══════════════════════════════════════════════════════════════
     • empty test (7)
    
     ══ Failed tests ════════════════════════════════════════════════════════════════
     ── Failure (test_mwhich.R:34:5): mwhich recognizes NA ──────────────────────────
     mwhich(x, 1:2, NA, "eq", "OR") not identical to 1.
     Lengths differ: 0 is not 1
     ── Failure (test_mwhich.R:35:5): mwhich recognizes NA ──────────────────────────
     mwhich(x, 1:2, NA, "neq", "AND") not identical to as.numeric(2:10).
     Lengths differ: 10 is not 9
    
     [ FAIL 2 | WARN 1 | SKIP 7 | PASS 188 ]
     Error: Test failures
     Execution halted
Flavor: r-release-macos-arm64