CRAN Package Check Results for Package bignum

Last updated on 2021-11-28 19:48:45 CET.

Flavor Version Tinstall Tcheck Ttotal Status Flags
r-devel-linux-x86_64-debian-clang 0.3.0 OK
r-devel-linux-x86_64-debian-gcc 0.3.0 70.95 34.00 104.95 OK
r-devel-linux-x86_64-fedora-clang 0.3.0 213.47 NOTE
r-devel-linux-x86_64-fedora-gcc 0.3.0 187.26 OK
r-devel-windows-x86_64-new-UL 0.3.0 119.00 123.00 242.00 OK
r-devel-windows-x86_64-new-TK 0.3.0 OK
r-devel-windows-x86_64-old 0.3.0 68.00 81.00 149.00 OK
r-patched-linux-x86_64 0.3.0 79.29 42.77 122.06 OK
r-patched-solaris-x86 0.3.0 172.80 OK
r-release-linux-x86_64 0.3.0 78.24 42.58 120.82 OK
r-release-macos-arm64 0.3.0 NOTE
r-release-macos-x86_64 0.3.0 NOTE
r-release-windows-ix86+x86_64 0.3.0 203.00 104.00 307.00 OK
r-oldrel-macos-x86_64 0.3.0 NOTE
r-oldrel-windows-ix86+x86_64 0.3.0 145.00 102.00 247.00 OK

Check Details

Version: 0.3.0
Check: installed package size
Result: NOTE
     installed size is 7.9Mb
     sub-directories of 1Mb or more:
     libs 7.6Mb
Flavors: r-devel-linux-x86_64-fedora-clang, r-release-macos-arm64, r-release-macos-x86_64, r-oldrel-macos-x86_64