Last updated on 2023-06-06 22:07:41 CEST.
Flavor | Version | Tinstall | Tcheck | Ttotal | Status | Flags |
---|---|---|---|---|---|---|
r-devel-linux-x86_64-debian-clang | 1.12.2 | 295.88 | 289.38 | 585.26 | OK | |
r-devel-linux-x86_64-debian-gcc | 1.12.2 | 213.69 | 211.50 | 425.19 | OK | |
r-devel-linux-x86_64-fedora-clang | 1.12.2 | 805.89 | OK | |||
r-devel-linux-x86_64-fedora-gcc | 1.12.2 | 771.36 | OK | |||
r-devel-windows-x86_64 | 1.12.2 | 255.00 | 245.00 | 500.00 | OK | |
r-patched-linux-x86_64 | 1.12.2 | 181.80 | 264.62 | 446.42 | OK | |
r-release-linux-x86_64 | 1.12.2 | 170.28 | 269.77 | 440.05 | OK | |
r-release-macos-arm64 | 1.12.2 | 206.00 | NOTE | |||
r-release-macos-x86_64 | 1.12.2 | 327.00 | NOTE | |||
r-release-windows-x86_64 | 1.12.2 | 341.00 | 380.00 | 721.00 | OK | |
r-oldrel-macos-arm64 | 1.12.2 | 199.00 | NOTE | |||
r-oldrel-macos-x86_64 | 1.12.2 | 244.00 | NOTE | |||
r-oldrel-windows-x86_64 | 1.12.2 | 312.00 | 305.00 | 617.00 | OK |
Version: 1.12.2
Check: installed package size
Result: NOTE
installed size is 9.4Mb
sub-directories of 1Mb or more:
libs 8.0Mb
Flavors: r-release-macos-arm64, r-release-macos-x86_64, r-oldrel-macos-arm64, r-oldrel-macos-x86_64
Version: 1.12.2
Check: package dependencies
Result: NOTE
Package suggested but not available for checking: ‘gaston’
Flavor: r-release-macos-x86_64