CRAN Package Check Results for Package binman

Last updated on 2022-01-19 20:00:23 CET.

Flavor Version Tinstall Tcheck Ttotal Status Flags
r-devel-linux-x86_64-debian-clang 0.1.2 NOTE
r-devel-linux-x86_64-debian-gcc 0.1.2 2.51 34.09 36.60 NOTE
r-devel-linux-x86_64-fedora-clang 0.1.2 55.22 NOTE
r-devel-linux-x86_64-fedora-gcc 0.1.2 45.34 NOTE
r-devel-windows-x86_64-new-UL 0.1.2 30.00 71.00 101.00 NOTE
r-devel-windows-x86_64-new-TK 0.1.2 NOTE
r-patched-linux-x86_64 0.1.2 3.05 40.19 43.24 NOTE
r-release-linux-x86_64 0.1.2 NOTE
r-release-macos-arm64 0.1.2 NOTE
r-release-macos-x86_64 0.1.2 NOTE
r-release-windows-ix86+x86_64 0.1.2 8.00 58.00 66.00 NOTE
r-oldrel-macos-x86_64 0.1.2 OK
r-oldrel-windows-ix86+x86_64 0.1.2 8.00 60.00 68.00 OK

Check Details

Version: 0.1.2
Check: LazyData
Result: NOTE
     'LazyData' is specified without a 'data' directory
Flavors: r-devel-linux-x86_64-debian-clang, r-devel-linux-x86_64-debian-gcc, r-devel-linux-x86_64-fedora-clang, r-devel-linux-x86_64-fedora-gcc, r-devel-windows-x86_64-new-UL, r-devel-windows-x86_64-new-TK, r-patched-linux-x86_64, r-release-linux-x86_64, r-release-macos-arm64, r-release-macos-x86_64, r-release-windows-ix86+x86_64