CRAN Package Check Results for Package binom

Last updated on 2024-06-14 22:57:12 CEST.

Flavor Version Tinstall Tcheck Ttotal Status Flags
r-devel-linux-x86_64-debian-clang 1.1-1.1 4.71 48.90 53.61 NOTE
r-devel-linux-x86_64-debian-gcc 1.1-1.1 3.93 36.55 40.48 NOTE
r-devel-linux-x86_64-fedora-clang 1.1-1.1 66.83 NOTE
r-devel-linux-x86_64-fedora-gcc 1.1-1.1 63.15 NOTE
r-devel-windows-x86_64 1.1-1.1 7.00 57.00 64.00 NOTE
r-patched-linux-x86_64 1.1-1.1 5.75 47.37 53.12 NOTE
r-release-linux-x86_64 1.1-1.1 4.66 47.57 52.23 NOTE
r-release-macos-arm64 1.1-1.1 23.00 NOTE
r-release-macos-x86_64 1.1-1.1 57.00 NOTE
r-release-windows-x86_64 1.1-1.1 7.00 58.00 65.00 NOTE
r-oldrel-macos-arm64 1.1-1.1 26.00 OK
r-oldrel-macos-x86_64 1.1-1.1 36.00 OK
r-oldrel-windows-x86_64 1.1-1.1 7.00 67.00 74.00 OK

Check Details

Version: 1.1-1.1
Check: Rd files
Result: NOTE checkRd: (-1) binom.confint.Rd:28-29: Lost braces in \itemize; meant \describe ? checkRd: (-1) binom.confint.Rd:30-31: Lost braces in \itemize; meant \describe ? checkRd: (-1) binom.confint.Rd:32-37: Lost braces in \itemize; meant \describe ? checkRd: (-1) binom.confint.Rd:38: Lost braces in \itemize; meant \describe ? checkRd: (-1) binom.confint.Rd:39-40: Lost braces in \itemize; meant \describe ? checkRd: (-1) binom.confint.Rd:41: Lost braces in \itemize; meant \describe ? checkRd: (-1) binom.confint.Rd:42: Lost braces in \itemize; meant \describe ? checkRd: (-1) binom.confint.Rd:43: Lost braces in \itemize; meant \describe ? checkRd: (-1) binom.confint.Rd:44: Lost braces in \itemize; meant \describe ? checkRd: (-1) binom.confint.Rd:45: Lost braces in \itemize; meant \describe ? Flavors: r-devel-linux-x86_64-debian-clang, r-devel-linux-x86_64-debian-gcc, r-devel-linux-x86_64-fedora-clang, r-devel-linux-x86_64-fedora-gcc, r-devel-windows-x86_64, r-patched-linux-x86_64, r-release-linux-x86_64, r-release-macos-arm64, r-release-macos-x86_64, r-release-windows-x86_64

Version: 1.1-1.1
Check: compiled code
Result: NOTE File ‘binom/libs/binom.so’: Found no calls to: ‘R_registerRoutines’, ‘R_useDynamicSymbols’ It is good practice to register native routines and to disable symbol search. See ‘Writing portable packages’ in the ‘Writing R Extensions’ manual. Flavors: r-devel-linux-x86_64-fedora-clang, r-devel-linux-x86_64-fedora-gcc