CRAN Package Check Results for Package binom

Last updated on 2022-09-30 21:48:52 CEST.

Flavor Version Tinstall Tcheck Ttotal Status Flags
r-devel-linux-x86_64-debian-clang 1.1-1.1 4.27 49.28 53.55 OK
r-devel-linux-x86_64-debian-gcc 1.1-1.1 3.44 36.29 39.73 OK
r-devel-linux-x86_64-fedora-clang 1.1-1.1 76.50 NOTE
r-devel-linux-x86_64-fedora-gcc 1.1-1.1 74.55 NOTE
r-devel-windows-x86_64 1.1-1.1 19.00 75.00 94.00 OK
r-patched-linux-x86_64 1.1-1.1 4.80 45.66 50.46 OK
r-release-linux-x86_64 1.1-1.1 3.74 44.78 48.52 OK
r-release-macos-arm64 1.1-1.1 31.00 OK
r-release-macos-x86_64 1.1-1.1 32.00 OK
r-release-windows-x86_64 1.1-1.1 20.00 74.00 94.00 OK
r-oldrel-macos-arm64 1.1-1.1 31.00 OK
r-oldrel-macos-x86_64 1.1-1.1 29.00 OK
r-oldrel-windows-ix86+x86_64 1.1-1.1 11.00 83.00 94.00 OK

Check Details

Version: 1.1-1.1
Check: compiled code
Result: NOTE
    File ‘binom/libs/binom.so’:
     Found no calls to: ‘R_registerRoutines’, ‘R_useDynamicSymbols’
    
    It is good practice to register native routines and to disable symbol
    search.
    
    See ‘Writing portable packages’ in the ‘Writing R Extensions’ manual.
Flavors: r-devel-linux-x86_64-fedora-clang, r-devel-linux-x86_64-fedora-gcc