Last updated on 2022-05-25 21:52:54 CEST.
Flavor | Version | Tinstall | Tcheck | Ttotal | Status | Flags |
---|---|---|---|---|---|---|
r-devel-linux-x86_64-debian-clang | 1.0 | 34.67 | 321.61 | 356.28 | NOTE | |
r-devel-linux-x86_64-debian-gcc | 1.0 | 28.14 | 243.78 | 271.92 | NOTE | |
r-devel-linux-x86_64-fedora-clang | 1.0 | 419.12 | NOTE | |||
r-devel-linux-x86_64-fedora-gcc | 1.0 | 457.37 | NOTE | |||
r-devel-windows-x86_64 | 1.0 | 49.00 | 357.00 | 406.00 | OK | |
r-patched-linux-x86_64 | 1.0 | 34.43 | 309.90 | 344.33 | NOTE | |
r-release-linux-x86_64 | 1.0 | NOTE | ||||
r-release-macos-arm64 | 1.0 | 97.00 | OK | |||
r-release-macos-x86_64 | 1.0 | 133.00 | OK | |||
r-release-windows-x86_64 | 1.0 | 50.00 | 349.00 | 399.00 | OK | |
r-oldrel-macos-arm64 | 1.0 | 66.00 | OK | |||
r-oldrel-macos-x86_64 | 1.0 | 106.00 | OK | |||
r-oldrel-windows-ix86+x86_64 | 1.0 | 84.00 | 379.00 | 463.00 | OK |
Version: 1.0
Check: for non-standard things in the check directory
Result: NOTE
Found the following files/directories:
'pointshape.dbf' 'pointshape.shp' 'pointshape.shx'
Flavors: r-devel-linux-x86_64-debian-clang, r-devel-linux-x86_64-debian-gcc, r-devel-linux-x86_64-fedora-clang, r-devel-linux-x86_64-fedora-gcc, r-patched-linux-x86_64, r-release-linux-x86_64