CRAN Package Check Results for Package biometryassist

Last updated on 2022-08-11 21:50:00 CEST.

Flavor Version Tinstall Tcheck Ttotal Status Flags
r-devel-linux-x86_64-debian-clang 1.1.0 16.39 213.35 229.74 NOTE
r-devel-linux-x86_64-debian-gcc 1.1.0 13.90 150.90 164.80 NOTE
r-devel-linux-x86_64-fedora-clang 1.1.0 263.88 NOTE
r-devel-linux-x86_64-fedora-gcc 1.1.0 263.43 NOTE
r-devel-windows-x86_64 1.1.0 100.00 197.00 297.00 NOTE
r-patched-linux-x86_64 1.1.0 15.93 192.48 208.41 NOTE
r-release-linux-x86_64 1.1.0 18.17 190.96 209.13 NOTE
r-release-macos-arm64 1.1.0 67.00 NOTE
r-release-macos-x86_64 1.1.0 94.00 NOTE
r-release-windows-x86_64 1.1.0 139.00 200.00 339.00 NOTE
r-oldrel-macos-arm64 1.1.0 51.00 NOTE
r-oldrel-macos-x86_64 1.1.0 82.00 NOTE
r-oldrel-windows-ix86+x86_64 1.1.0 35.00 184.00 219.00 NOTE

Check Details

Version: 1.1.0
Check: package dependencies
Result: NOTE
    Package which this enhances but not available for checking: 'asreml'
Flavors: r-devel-linux-x86_64-debian-clang, r-devel-linux-x86_64-debian-gcc, r-devel-linux-x86_64-fedora-clang, r-devel-linux-x86_64-fedora-gcc, r-devel-windows-x86_64, r-patched-linux-x86_64, r-release-linux-x86_64, r-release-macos-arm64, r-release-macos-x86_64, r-release-windows-x86_64, r-oldrel-macos-arm64, r-oldrel-macos-x86_64, r-oldrel-windows-ix86+x86_64