Last updated on 2023-06-06 22:07:42 CEST.
Flavor | Version | Tinstall | Tcheck | Ttotal | Status | Flags |
---|---|---|---|---|---|---|
r-devel-linux-x86_64-debian-clang | 1.1.1 | 193.72 | 129.26 | 322.98 | NOTE | |
r-devel-linux-x86_64-debian-gcc | 1.1.1 | 150.78 | 110.46 | 261.24 | NOTE | |
r-devel-linux-x86_64-fedora-clang | 1.1.1 | 379.74 | NOTE | |||
r-devel-linux-x86_64-fedora-gcc | 1.1.1 | 479.94 | NOTE | |||
r-devel-windows-x86_64 | 1.1.1 | 135.00 | 162.00 | 297.00 | NOTE | |
r-patched-linux-x86_64 | 1.1.1 | 126.89 | 136.53 | 263.42 | NOTE | |
r-release-linux-x86_64 | 1.1.1 | 116.46 | 140.88 | 257.34 | NOTE | |
r-release-macos-arm64 | 1.1.1 | 132.00 | NOTE | |||
r-release-macos-x86_64 | 1.1.1 | 204.00 | NOTE | |||
r-release-windows-x86_64 | 1.1.1 | 177.00 | 193.00 | 370.00 | NOTE | |
r-oldrel-macos-arm64 | 1.1.1 | 133.00 | NOTE | |||
r-oldrel-macos-x86_64 | 1.1.1 | 207.00 | NOTE | |||
r-oldrel-windows-x86_64 | 1.1.1 | 170.00 | 181.00 | 351.00 | NOTE |
Version: 1.1.1
Check: for GNU extensions in Makefiles
Result: NOTE
GNU make is a SystemRequirements.
Flavors: r-devel-linux-x86_64-debian-clang, r-devel-linux-x86_64-debian-gcc, r-devel-linux-x86_64-fedora-clang, r-devel-linux-x86_64-fedora-gcc, r-devel-windows-x86_64, r-patched-linux-x86_64, r-release-linux-x86_64, r-release-macos-arm64, r-release-macos-x86_64, r-release-windows-x86_64, r-oldrel-macos-arm64, r-oldrel-macos-x86_64, r-oldrel-windows-x86_64
Version: 1.1.1
Check: dependencies in R code
Result: NOTE
Namespaces in Imports field not imported from:
‘RcppParallel’ ‘magrittr’
All declared Imports should be used.
Flavors: r-devel-linux-x86_64-fedora-clang, r-devel-linux-x86_64-fedora-gcc, r-oldrel-macos-arm64, r-oldrel-macos-x86_64
Version: 1.1.1
Check: installed package size
Result: NOTE
installed size is 39.4Mb
sub-directories of 1Mb or more:
libs 38.4Mb
Flavors: r-release-macos-arm64, r-release-macos-x86_64, r-oldrel-macos-arm64, r-oldrel-macos-x86_64