CRAN Package Check Results for Package blackbox

Last updated on 2024-02-23 19:48:41 CET.

Flavor Version Tinstall Tcheck Ttotal Status Flags
r-devel-linux-x86_64-debian-clang 1.1.46 OK
r-devel-linux-x86_64-debian-gcc 1.1.46 55.75 98.53 154.28 OK
r-devel-linux-x86_64-fedora-clang 1.1.46 271.01 OK
r-devel-linux-x86_64-fedora-gcc 1.1.46 269.66 OK
r-devel-windows-x86_64 1.1.46 59.00 126.00 185.00 OK
r-patched-linux-x86_64 1.1.46 69.68 129.35 199.03 OK
r-release-linux-x86_64 1.1.46 55.00 127.05 182.05 OK
r-release-macos-arm64 1.1.46 69.00 NOTE
r-release-macos-x86_64 1.1.46 135.00 NOTE
r-release-windows-x86_64 1.1.46 79.00 155.00 234.00 OK
r-oldrel-macos-arm64 1.1.46 67.00 NOTE
r-oldrel-windows-x86_64 1.1.46 74.00 152.00 226.00 OK

Check Details

Version: 1.1.46
Check: installed package size
Result: NOTE installed size is 6.8Mb sub-directories of 1Mb or more: libs 6.2Mb Flavors: r-release-macos-arm64, r-release-macos-x86_64, r-oldrel-macos-arm64