CRAN Package Check Results for Package blackbox

Last updated on 2021-02-28 19:47:55 CET.

Flavor Version Tinstall Tcheck Ttotal Status Flags
r-devel-linux-x86_64-debian-clang 1.1.32 OK
r-devel-linux-x86_64-debian-gcc 1.1.32 48.83 88.05 136.88 OK
r-devel-linux-x86_64-fedora-clang 1.1.32 249.54 NOTE
r-devel-linux-x86_64-fedora-gcc 1.1.32 168.36 OK
r-devel-windows-ix86+x86_64 1.1.32 104.00 135.00 239.00 OK
r-patched-linux-x86_64 1.1.32 60.30 106.28 166.58 OK
r-patched-solaris-x86 1.1.32 243.70 OK
r-release-linux-x86_64 1.1.32 57.39 106.19 163.58 OK
r-release-macos-x86_64 1.1.32 NOTE
r-release-windows-ix86+x86_64 1.1.32 145.00 187.00 332.00 OK
r-oldrel-macos-x86_64 1.1.32 NOTE
r-oldrel-windows-ix86+x86_64 1.1.32 98.00 161.00 259.00 OK

Check Details

Version: 1.1.32
Check: installed package size
Result: NOTE
     installed size is 7.1Mb
     sub-directories of 1Mb or more:
     libs 6.5Mb
Flavors: r-devel-linux-x86_64-fedora-clang, r-release-macos-x86_64, r-oldrel-macos-x86_64