CRAN Package Check Results for Package blastula

Last updated on 2022-01-28 19:50:49 CET.

Flavor Version Tinstall Tcheck Ttotal Status Flags
r-devel-linux-x86_64-debian-clang 0.3.2 5.91 82.16 88.07 NOTE
r-devel-linux-x86_64-debian-gcc 0.3.2 4.19 63.36 67.55 NOTE
r-devel-linux-x86_64-fedora-clang 0.3.2 97.26 NOTE
r-devel-linux-x86_64-fedora-gcc 0.3.2 82.87 NOTE
r-devel-windows-x86_64-new-UL 0.3.2 233.00 129.00 362.00 NOTE
r-devel-windows-x86_64-new-TK 0.3.2 NOTE
r-patched-linux-x86_64 0.3.2 5.48 70.99 76.47 NOTE
r-release-linux-x86_64 0.3.2 3.51 70.31 73.82 NOTE
r-release-macos-arm64 0.3.2 NOTE
r-release-macos-x86_64 0.3.2 NOTE
r-release-windows-ix86+x86_64 0.3.2 10.00 98.00 108.00 NOTE
r-oldrel-macos-x86_64 0.3.2 OK
r-oldrel-windows-ix86+x86_64 0.3.2 11.00 99.00 110.00 OK

Check Details

Version: 0.3.2
Check: LazyData
Result: NOTE
     'LazyData' is specified without a 'data' directory
Flavors: r-devel-linux-x86_64-debian-clang, r-devel-linux-x86_64-debian-gcc, r-devel-linux-x86_64-fedora-clang, r-devel-linux-x86_64-fedora-gcc, r-devel-windows-x86_64-new-UL, r-devel-windows-x86_64-new-TK, r-patched-linux-x86_64, r-release-linux-x86_64, r-release-macos-arm64, r-release-macos-x86_64, r-release-windows-ix86+x86_64