Last updated on 2022-05-24 21:51:37 CEST.
Flavor | Version | Tinstall | Tcheck | Ttotal | Status | Flags |
---|---|---|---|---|---|---|
r-devel-linux-x86_64-debian-clang | 0.1.1 | 126.52 | 55.26 | 181.78 | NOTE | |
r-devel-linux-x86_64-debian-gcc | 0.1.1 | 100.80 | 41.52 | 142.32 | NOTE | |
r-devel-linux-x86_64-fedora-clang | 0.1.1 | 264.03 | NOTE | |||
r-devel-linux-x86_64-fedora-gcc | 0.1.1 | 249.85 | NOTE | |||
r-devel-windows-x86_64 | 0.1.1 | 143.00 | 91.00 | 234.00 | NOTE | |
r-patched-linux-x86_64 | 0.1.1 | 108.83 | 53.19 | 162.02 | NOTE | |
r-release-linux-x86_64 | 0.1.1 | NOTE | ||||
r-release-macos-arm64 | 0.1.1 | 56.00 | NOTE | |||
r-release-macos-x86_64 | 0.1.1 | 70.00 | NOTE | |||
r-release-windows-x86_64 | 0.1.1 | 121.00 | 94.00 | 215.00 | NOTE | |
r-oldrel-macos-arm64 | 0.1.1 | 65.00 | NOTE | |||
r-oldrel-macos-x86_64 | 0.1.1 | 106.00 | NOTE | |||
r-oldrel-windows-ix86+x86_64 | 0.1.1 | 301.00 | 96.00 | 397.00 | NOTE |
Version: 0.1.1
Check: LazyData
Result: NOTE
'LazyData' is specified without a 'data' directory
Flavors: r-devel-linux-x86_64-debian-clang, r-devel-linux-x86_64-debian-gcc, r-devel-linux-x86_64-fedora-clang, r-devel-linux-x86_64-fedora-gcc, r-devel-windows-x86_64, r-patched-linux-x86_64, r-release-linux-x86_64, r-release-macos-arm64, r-release-macos-x86_64, r-release-windows-x86_64, r-oldrel-macos-arm64, r-oldrel-macos-x86_64, r-oldrel-windows-ix86+x86_64
Version: 0.1.1
Check: installed package size
Result: NOTE
installed size is 5.4Mb
sub-directories of 1Mb or more:
libs 5.0Mb
Flavor: r-oldrel-macos-arm64