CRAN Package Check Results for Package blavaan

Last updated on 2022-01-26 19:50:26 CET.

Flavor Version Tinstall Tcheck Ttotal Status Flags
r-devel-linux-x86_64-debian-clang 0.3-18 359.34 248.77 608.11 NOTE
r-devel-linux-x86_64-debian-gcc 0.3-18 220.89 190.80 411.69 NOTE
r-devel-linux-x86_64-fedora-clang 0.3-18 823.78 NOTE
r-devel-linux-x86_64-fedora-gcc 0.3-18 719.10 NOTE
r-devel-windows-x86_64-new-UL 0.3-18 213.00 275.00 488.00 NOTE
r-devel-windows-x86_64-new-TK 0.3-18 NOTE
r-patched-linux-x86_64 0.3-18 240.13 232.53 472.66 NOTE
r-release-linux-x86_64 0.3-18 227.46 233.05 460.51 NOTE
r-release-macos-arm64 0.3-18 NOTE
r-release-macos-x86_64 0.3-18 NOTE
r-release-windows-ix86+x86_64 0.3-18 568.00 351.00 919.00 NOTE
r-oldrel-macos-x86_64 0.3-18 NOTE
r-oldrel-windows-ix86+x86_64 0.3-18 567.00 359.00 926.00 NOTE

Check Details

Version: 0.3-18
Check: for GNU extensions in Makefiles
Result: NOTE
    GNU make is a SystemRequirements.
Flavors: r-devel-linux-x86_64-debian-clang, r-devel-linux-x86_64-debian-gcc, r-devel-linux-x86_64-fedora-clang, r-devel-linux-x86_64-fedora-gcc, r-devel-windows-x86_64-new-UL, r-devel-windows-x86_64-new-TK, r-patched-linux-x86_64, r-release-linux-x86_64, r-release-macos-arm64, r-release-macos-x86_64, r-release-windows-ix86+x86_64, r-oldrel-macos-x86_64, r-oldrel-windows-ix86+x86_64

Version: 0.3-18
Check: installed package size
Result: NOTE
     installed size is 58.5Mb
     sub-directories of 1Mb or more:
     libs 56.4Mb
Flavors: r-devel-linux-x86_64-fedora-clang, r-devel-windows-x86_64-new-UL, r-release-macos-arm64, r-release-macos-x86_64, r-release-windows-ix86+x86_64, r-oldrel-macos-x86_64, r-oldrel-windows-ix86+x86_64

Version: 0.3-18
Check: line endings in C/C++/Fortran sources/headers
Result: NOTE
    Found the following sources/headers with CR or CRLF line endings:
     src/stan_files/stanmarg.hpp
    Some Unix compilers require LF line endings.
Flavor: r-devel-windows-x86_64-new-TK