CRAN Package Check Results for Package bliss

Last updated on 2021-11-28 19:48:46 CET.

Flavor Version Tinstall Tcheck Ttotal Status Flags
r-devel-linux-x86_64-debian-clang 1.0.2 OK
r-devel-linux-x86_64-debian-gcc 1.0.2 41.80 138.30 180.10 OK
r-devel-linux-x86_64-fedora-clang 1.0.2 309.36 NOTE
r-devel-linux-x86_64-fedora-gcc 1.0.2 293.85 OK
r-devel-windows-x86_64-new-UL 1.0.2 73.00 283.00 356.00 NOTE
r-devel-windows-x86_64-new-TK 1.0.2 OK
r-devel-windows-x86_64-old 1.0.2 49.00 243.00 292.00 NOTE
r-patched-linux-x86_64 1.0.2 52.89 175.41 228.30 OK
r-patched-solaris-x86 1.0.2 222.00 OK
r-release-linux-x86_64 1.0.2 45.75 173.12 218.87 OK
r-release-macos-arm64 1.0.2 NOTE
r-release-macos-x86_64 1.0.2 NOTE
r-release-windows-ix86+x86_64 1.0.2 119.00 291.00 410.00 NOTE
r-oldrel-macos-x86_64 1.0.2 NOTE
r-oldrel-windows-ix86+x86_64 1.0.2 91.00 287.00 378.00 NOTE

Check Details

Version: 1.0.2
Check: installed package size
Result: NOTE
     installed size is 7.4Mb
     sub-directories of 1Mb or more:
     data 3.5Mb
     libs 3.0Mb
Flavors: r-devel-linux-x86_64-fedora-clang, r-devel-windows-x86_64-new-UL, r-devel-windows-x86_64-old, r-release-macos-arm64, r-release-macos-x86_64, r-release-windows-ix86+x86_64, r-oldrel-macos-x86_64, r-oldrel-windows-ix86+x86_64