CRAN Package Check Results for Package blockForest

Last updated on 2021-05-05 22:51:28 CEST.

Flavor Version Tinstall Tcheck Ttotal Status Flags
r-devel-linux-x86_64-debian-clang 0.2.4 113.87 103.93 217.80 OK
r-devel-linux-x86_64-debian-gcc 0.2.4 71.60 78.43 150.03 OK
r-devel-linux-x86_64-fedora-clang 0.2.4 292.86 NOTE
r-devel-linux-x86_64-fedora-gcc 0.2.4 250.91 OK
r-devel-windows-ix86+x86_64 0.2.4 175.00 194.00 369.00 OK
r-devel-windows-x86_64-gcc10-UCRT 0.2.4 OK
r-patched-linux-x86_64 0.2.4 89.31 101.51 190.82 OK
r-patched-solaris-x86 0.2.4 719.60 OK
r-release-linux-x86_64 0.2.4 85.88 97.67 183.55 OK
r-release-macos-x86_64 0.2.4 NOTE
r-release-windows-ix86+x86_64 0.2.4 179.00 132.00 311.00 OK
r-oldrel-macos-x86_64 0.2.4 NOTE
r-oldrel-windows-ix86+x86_64 0.2.4 227.00 199.00 426.00 OK

Check Details

Version: 0.2.4
Check: installed package size
Result: NOTE
     installed size is 6.6Mb
     sub-directories of 1Mb or more:
     libs 6.2Mb
Flavors: r-devel-linux-x86_64-fedora-clang, r-release-macos-x86_64, r-oldrel-macos-x86_64