CRAN Package Check Results for Package bmabasket

Last updated on 2024-03-03 19:56:17 CET.

Flavor Version Tinstall Tcheck Ttotal Status Flags
r-devel-linux-x86_64-debian-clang 0.1.2 53.15 32.38 85.53 NOTE
r-devel-linux-x86_64-debian-gcc 0.1.2 40.08 24.53 64.61 NOTE
r-devel-linux-x86_64-fedora-clang 0.1.2 120.08 NOTE
r-devel-linux-x86_64-fedora-gcc 0.1.2 122.34 NOTE
r-devel-windows-x86_64 0.1.2 39.00 71.00 110.00 NOTE
r-patched-linux-x86_64 0.1.2 54.97 32.17 87.14 NOTE
r-release-linux-x86_64 0.1.2 56.60 31.79 88.39 NOTE
r-release-macos-arm64 0.1.2 32.00 NOTE
r-release-macos-x86_64 0.1.2 54.00 NOTE
r-release-windows-x86_64 0.1.2 52.00 73.00 125.00 NOTE
r-oldrel-macos-arm64 0.1.2 35.00 OK
r-oldrel-windows-x86_64 0.1.2 49.00 72.00 121.00 OK

Check Details

Version: 0.1.2
Check: C++ specification
Result: NOTE Specified C++11: please drop specification unless essential Flavors: r-devel-linux-x86_64-debian-clang, r-devel-linux-x86_64-debian-gcc, r-devel-linux-x86_64-fedora-clang, r-devel-linux-x86_64-fedora-gcc, r-devel-windows-x86_64, r-patched-linux-x86_64, r-release-linux-x86_64, r-release-macos-arm64, r-release-macos-x86_64, r-release-windows-x86_64