CRAN Package Check Results for Package bmscstan

Last updated on 2024-03-02 19:50:12 CET.

Flavor Version Tinstall Tcheck Ttotal Status Flags
r-devel-linux-x86_64-debian-clang 1.2.1.0 30.60 148.72 179.32 NOTE
r-devel-linux-x86_64-debian-gcc 1.2.1.0 20.71 110.20 130.91 NOTE
r-devel-linux-x86_64-fedora-clang 1.2.1.0 226.25 NOTE
r-devel-linux-x86_64-fedora-gcc 1.2.1.0 232.41 NOTE
r-devel-windows-x86_64 1.2.1.0 16.00 109.00 125.00 OK
r-patched-linux-x86_64 1.2.1.0 18.30 144.81 163.11 OK
r-release-linux-x86_64 1.2.1.0 19.85 144.38 164.23 OK
r-release-macos-arm64 1.2.1.0 51.00 OK
r-release-macos-x86_64 1.2.1.0 85.00 OK
r-release-windows-x86_64 1.2.1.0 21.00 134.00 155.00 OK
r-oldrel-macos-arm64 1.2.1.0 44.00 OK
r-oldrel-windows-x86_64 1.2.1.0 23.00 140.00 163.00 OK

Check Details

Version: 1.2.1.0
Check: Rd files
Result: NOTE checkRd: (-1) BMSC_pareto_k_table.Rd:54-56: Lost braces in \itemize; \value handles \item{}{} directly checkRd: (-1) BMSC_pareto_k_table.Rd:57-59: Lost braces in \itemize; \value handles \item{}{} directly checkRd: (-1) BMSC_pareto_k_table.Rd:60-63: Lost braces in \itemize; \value handles \item{}{} directly checkRd: (-1) BMSC_pareto_k_table.Rd:64-66: Lost braces in \itemize; \value handles \item{}{} directly checkRd: (-1) BMSC_pareto_k_table.Rd:67-71: Lost braces in \itemize; \value handles \item{}{} directly checkRd: (-1) BMSC_pareto_k_table.Rd:72-74: Lost braces in \itemize; \value handles \item{}{} directly Flavors: r-devel-linux-x86_64-debian-clang, r-devel-linux-x86_64-debian-gcc, r-devel-linux-x86_64-fedora-clang, r-devel-linux-x86_64-fedora-gcc