CRAN Package Check Results for Package bmscstan

Last updated on 2021-11-29 19:51:24 CET.

Flavor Version Tinstall Tcheck Ttotal Status Flags
r-devel-linux-x86_64-debian-clang 1.1.0 11.91 93.06 104.97 OK
r-devel-linux-x86_64-debian-gcc 1.1.0 8.18 71.76 79.94 OK
r-devel-linux-x86_64-fedora-clang 1.1.0 137.31 NOTE
r-devel-linux-x86_64-fedora-gcc 1.1.0 127.11 NOTE
r-devel-windows-x86_64-new-UL 1.1.0 23.00 146.00 169.00 OK
r-devel-windows-x86_64-new-TK 1.1.0 NOTE
r-devel-windows-x86_64-old 1.1.0 20.00 97.00 117.00 OK
r-patched-linux-x86_64 1.1.0 7.92 87.39 95.31 OK
r-patched-solaris-x86 1.1.0 221.50 NOTE
r-release-linux-x86_64 1.1.0 9.94 88.59 98.53 OK
r-release-macos-arm64 1.1.0 NOTE
r-release-macos-x86_64 1.1.0 NOTE
r-release-windows-ix86+x86_64 1.1.0 29.00 126.00 155.00 OK
r-oldrel-macos-x86_64 1.1.0 NOTE
r-oldrel-windows-ix86+x86_64 1.1.0 20.00 88.00 108.00 OK

Check Details

Version: 1.1.0
Check: dependencies in R code
Result: NOTE
    Namespace in Imports field not imported from: ‘coda’
     All declared Imports should be used.
Flavors: r-devel-linux-x86_64-fedora-clang, r-devel-linux-x86_64-fedora-gcc, r-devel-windows-x86_64-new-TK, r-patched-solaris-x86, r-release-macos-arm64, r-release-macos-x86_64, r-oldrel-macos-x86_64