CRAN Package Check Results for Package bnclassify

Last updated on 2022-09-30 21:48:52 CEST.

Flavor Version Tinstall Tcheck Ttotal Status Flags
r-devel-linux-x86_64-debian-clang 0.4.6 128.79 127.04 255.83 WARN
r-devel-linux-x86_64-debian-gcc 0.4.6 89.06 87.91 176.97 OK
r-devel-linux-x86_64-fedora-clang 0.4.6 361.58 WARN
r-devel-linux-x86_64-fedora-gcc 0.4.6 323.42 OK
r-devel-windows-x86_64 0.4.6 220.00 202.00 422.00 OK
r-patched-linux-x86_64 0.4.6 108.94 118.60 227.54 OK
r-release-linux-x86_64 0.4.6 109.40 116.91 226.31 OK
r-release-macos-arm64 0.4.6 82.00 NOTE
r-release-macos-x86_64 0.4.6 106.00 NOTE
r-release-windows-x86_64 0.4.6 295.00 191.00 486.00 OK
r-oldrel-macos-arm64 0.4.6 82.00 NOTE
r-oldrel-macos-x86_64 0.4.6 120.00 NOTE
r-oldrel-windows-ix86+x86_64 0.4.6 249.00 234.00 483.00 OK

Additional issues

clang14

Check Details

Version: 0.4.6
Check: whether package can be installed
Result: WARN
    Found the following significant warnings:
     basic-misc.cpp:29:7: warning: use of bitwise '&' with boolean operands [-Wbitwise-instead-of-logical]
Flavors: r-devel-linux-x86_64-debian-clang, r-devel-linux-x86_64-fedora-clang

Version: 0.4.6
Check: installed package size
Result: NOTE
     installed size is 7.0Mb
     sub-directories of 1Mb or more:
     libs 6.2Mb
Flavors: r-release-macos-arm64, r-release-macos-x86_64, r-oldrel-macos-arm64, r-oldrel-macos-x86_64