CRAN Package Check Results for Package bnormnlr

Last updated on 2021-11-29 19:51:24 CET.

Flavor Version Tinstall Tcheck Ttotal Status Flags
r-devel-linux-x86_64-debian-clang 1.0 2.21 66.44 68.65 NOTE
r-devel-linux-x86_64-debian-gcc 1.0 1.76 45.71 47.47 NOTE
r-devel-linux-x86_64-fedora-clang 1.0 89.63 NOTE
r-devel-linux-x86_64-fedora-gcc 1.0 77.92 NOTE
r-devel-windows-x86_64-new-UL 1.0 5.00 96.00 101.00 NOTE
r-devel-windows-x86_64-new-TK 1.0 NOTE
r-devel-windows-x86_64-old 1.0 4.00 66.00 70.00 NOTE
r-patched-linux-x86_64 1.0 2.28 59.66 61.94 NOTE
r-patched-solaris-x86 1.0 104.10 NOTE
r-release-linux-x86_64 1.0 2.03 61.79 63.82 NOTE
r-release-macos-arm64 1.0 NOTE
r-release-macos-x86_64 1.0 NOTE
r-release-windows-ix86+x86_64 1.0 5.00 86.00 91.00 NOTE
r-oldrel-macos-x86_64 1.0 NOTE
r-oldrel-windows-ix86+x86_64 1.0 4.00 74.00 78.00 NOTE

Check Details

Version: 1.0
Check: R code for possible problems
Result: NOTE
    bnlr: no visible global function definition for 'dnorm'
    bnlr: no visible global function definition for 'runif'
    chainsum : <anonymous>: no visible global function definition for
     'quantile'
    infocrit: no visible global function definition for 'dnorm'
    Undefined global functions or variables:
     dnorm quantile runif
    Consider adding
     importFrom("stats", "dnorm", "quantile", "runif")
    to your NAMESPACE file.
Flavors: r-devel-linux-x86_64-debian-clang, r-devel-linux-x86_64-debian-gcc, r-devel-linux-x86_64-fedora-clang, r-devel-linux-x86_64-fedora-gcc, r-devel-windows-x86_64-new-UL, r-devel-windows-x86_64-new-TK, r-devel-windows-x86_64-old, r-patched-linux-x86_64, r-patched-solaris-x86, r-release-linux-x86_64, r-release-macos-arm64, r-release-macos-x86_64, r-release-windows-ix86+x86_64, r-oldrel-macos-x86_64, r-oldrel-windows-ix86+x86_64