CRAN Package Check Results for Package bold

Last updated on 2024-06-18 21:48:16 CEST.

Flavor Version Tinstall Tcheck Ttotal Status Flags
r-devel-linux-x86_64-debian-clang 1.3.0 5.45 73.34 78.79 OK
r-devel-linux-x86_64-debian-gcc 1.3.0 4.87 53.07 57.94 OK
r-devel-linux-x86_64-fedora-clang 1.3.0 99.07 OK
r-devel-linux-x86_64-fedora-gcc 1.3.0 82.01 OK
r-devel-windows-x86_64 1.3.0 5.00 75.00 80.00 OK
r-patched-linux-x86_64 1.3.0 5.94 69.26 75.20 OK
r-release-linux-x86_64 1.3.0 6.61 69.87 76.48 OK
r-release-macos-arm64 1.3.0 30.00 NOTE
r-release-macos-x86_64 1.3.0 48.00 OK
r-release-windows-x86_64 1.3.0 6.00 75.00 81.00 OK
r-oldrel-macos-arm64 1.3.0 29.00 NOTE
r-oldrel-macos-x86_64 1.3.0 58.00 NOTE
r-oldrel-windows-x86_64 1.3.0 7.00 89.00 96.00 OK

Check Details

Version: 1.3.0
Check: package dependencies
Result: NOTE Package suggested but not available for checking: ‘sangerseqR’ Flavors: r-release-macos-arm64, r-oldrel-macos-arm64, r-oldrel-macos-x86_64