CRAN Package Check Results for Package boostr

Last updated on 2021-03-03 19:48:01 CET.

Flavor Version Tinstall Tcheck Ttotal Status Flags
r-devel-linux-x86_64-debian-clang 1.0.0 3.21 34.27 37.48 NOTE
r-devel-linux-x86_64-debian-gcc 1.0.0 2.56 26.42 28.98 NOTE
r-devel-linux-x86_64-fedora-clang 1.0.0 54.41 NOTE
r-devel-linux-x86_64-fedora-gcc 1.0.0 43.73 NOTE
r-devel-windows-ix86+x86_64 1.0.0 6.00 50.00 56.00 NOTE
r-patched-linux-x86_64 1.0.0 3.22 32.72 35.94 NOTE
r-patched-solaris-x86 1.0.0 66.20 NOTE
r-release-linux-x86_64 1.0.0 3.07 32.43 35.50 NOTE
r-release-macos-x86_64 1.0.0 NOTE
r-release-windows-ix86+x86_64 1.0.0 5.00 38.00 43.00 NOTE
r-oldrel-macos-x86_64 1.0.0 NOTE
r-oldrel-windows-ix86+x86_64 1.0.0 6.00 48.00 54.00 NOTE

Check Details

Version: 1.0.0
Check: DESCRIPTION meta-information
Result: NOTE
    Malformed Title field: should not end in a period.
Flavors: r-devel-linux-x86_64-debian-clang, r-devel-linux-x86_64-debian-gcc, r-devel-linux-x86_64-fedora-clang, r-devel-linux-x86_64-fedora-gcc, r-devel-windows-ix86+x86_64, r-patched-linux-x86_64, r-patched-solaris-x86, r-release-linux-x86_64, r-release-macos-x86_64, r-release-windows-ix86+x86_64, r-oldrel-macos-x86_64, r-oldrel-windows-ix86+x86_64

Version: 1.0.0
Check: R code for possible problems
Result: NOTE
    boostBackend: no visible global function definition for 'model.frame'
    findFormulaIn: no visible global function definition for 'as.formula'
    kFoldCV: no visible binding for global variable 'par'
    predictResponseFromWeightedAverage: no visible global function
     definition for 'weighted.mean'
    print.boostr: no visible global function definition for 'str'
    Undefined global functions or variables:
     as.formula model.frame par str weighted.mean
    Consider adding
     importFrom("graphics", "par")
     importFrom("stats", "as.formula", "model.frame", "weighted.mean")
     importFrom("utils", "str")
    to your NAMESPACE file.
Flavors: r-devel-linux-x86_64-debian-clang, r-devel-linux-x86_64-debian-gcc, r-devel-linux-x86_64-fedora-clang, r-devel-linux-x86_64-fedora-gcc, r-devel-windows-ix86+x86_64, r-patched-linux-x86_64, r-patched-solaris-x86, r-release-linux-x86_64, r-release-macos-x86_64, r-release-windows-ix86+x86_64, r-oldrel-macos-x86_64, r-oldrel-windows-ix86+x86_64