CRAN Package Check Results for Package boot.heterogeneity

Last updated on 2021-12-04 19:52:49 CET.

Flavor Version Tinstall Tcheck Ttotal Status Flags
r-devel-linux-x86_64-debian-clang 1.1.5 6.16 82.56 88.72 OK
r-devel-linux-x86_64-debian-gcc 1.1.5 6.60 65.71 72.31 OK
r-devel-linux-x86_64-fedora-clang 1.1.5 110.37 NOTE
r-devel-linux-x86_64-fedora-gcc 1.1.5 100.09 NOTE
r-devel-windows-x86_64-new-UL 1.1.5 14.00 121.00 135.00 OK
r-devel-windows-x86_64-new-TK 1.1.5 NOTE
r-devel-windows-x86_64-old 1.1.5 12.00 82.00 94.00 OK
r-patched-linux-x86_64 1.1.5 9.08 72.28 81.36 OK
r-release-linux-x86_64 1.1.5 8.46 72.65 81.11 OK
r-release-macos-arm64 1.1.5 NOTE
r-release-macos-x86_64 1.1.5 NOTE
r-release-windows-ix86+x86_64 1.1.5 18.00 108.00 126.00 OK
r-oldrel-macos-x86_64 1.1.5 NOTE
r-oldrel-windows-ix86+x86_64 1.1.5 17.00 104.00 121.00 OK

Check Details

Version: 1.1.5
Check: dependencies in R code
Result: NOTE
    Namespaces in Imports field not imported from:
     ‘HSAUR3’ ‘knitr’ ‘rmarkdown’
     All declared Imports should be used.
Flavors: r-devel-linux-x86_64-fedora-clang, r-devel-linux-x86_64-fedora-gcc, r-devel-windows-x86_64-new-TK, r-release-macos-arm64, r-release-macos-x86_64, r-oldrel-macos-x86_64