CRAN Package Check Results for Package boot.heterogeneity

Last updated on 2022-09-30 21:48:52 CEST.

Flavor Version Tinstall Tcheck Ttotal Status Flags
r-devel-linux-x86_64-debian-clang 1.1.5 7.91 85.51 93.42 OK
r-devel-linux-x86_64-debian-gcc 1.1.5 6.94 65.37 72.31 OK
r-devel-linux-x86_64-fedora-clang 1.1.5 130.80 NOTE
r-devel-linux-x86_64-fedora-gcc 1.1.5 122.21 NOTE
r-devel-windows-x86_64 1.1.5 13.00 115.00 128.00 OK
r-patched-linux-x86_64 1.1.5 9.42 81.55 90.97 OK
r-release-linux-x86_64 1.1.5 8.20 81.64 89.84 OK
r-release-macos-arm64 1.1.5 34.00 NOTE
r-release-macos-x86_64 1.1.5 51.00 NOTE
r-release-windows-x86_64 1.1.5 39.00 115.00 154.00 OK
r-oldrel-macos-arm64 1.1.5 41.00 NOTE
r-oldrel-macos-x86_64 1.1.5 50.00 NOTE
r-oldrel-windows-ix86+x86_64 1.1.5 19.00 111.00 130.00 OK

Check Details

Version: 1.1.5
Check: dependencies in R code
Result: NOTE
    Namespaces in Imports field not imported from:
     ‘HSAUR3’ ‘knitr’ ‘rmarkdown’
     All declared Imports should be used.
Flavors: r-devel-linux-x86_64-fedora-clang, r-devel-linux-x86_64-fedora-gcc, r-release-macos-arm64, r-release-macos-x86_64, r-oldrel-macos-arm64, r-oldrel-macos-x86_64