CRAN Package Check Results for Package bootLR

Last updated on 2021-12-05 19:49:18 CET.

Flavor Version Tinstall Tcheck Ttotal Status Flags
r-devel-linux-x86_64-debian-clang 1.0.2 2.43 83.30 85.73 NOTE
r-devel-linux-x86_64-debian-gcc 1.0.2 1.64 61.63 63.27 NOTE
r-devel-linux-x86_64-fedora-clang 1.0.2 102.67 NOTE
r-devel-linux-x86_64-fedora-gcc 1.0.2 94.30 NOTE
r-devel-windows-x86_64-new-UL 1.0.2 7.00 119.00 126.00 NOTE
r-devel-windows-x86_64-new-TK 1.0.2 NOTE
r-devel-windows-x86_64-old 1.0.2 4.00 86.00 90.00 NOTE
r-patched-linux-x86_64 1.0.2 2.41 73.51 75.92 NOTE
r-release-linux-x86_64 1.0.2 2.00 83.24 85.24 NOTE
r-release-macos-arm64 1.0.2 NOTE
r-release-macos-x86_64 1.0.2 NOTE
r-release-windows-ix86+x86_64 1.0.2 5.00 102.00 107.00 NOTE
r-oldrel-macos-x86_64 1.0.2 OK
r-oldrel-windows-ix86+x86_64 1.0.2 6.00 106.00 112.00 OK

Check Details

Version: 1.0.2
Check: LazyData
Result: NOTE
     'LazyData' is specified without a 'data' directory
Flavors: r-devel-linux-x86_64-debian-clang, r-devel-linux-x86_64-debian-gcc, r-devel-linux-x86_64-fedora-clang, r-devel-linux-x86_64-fedora-gcc, r-devel-windows-x86_64-new-UL, r-devel-windows-x86_64-new-TK, r-devel-windows-x86_64-old, r-patched-linux-x86_64, r-release-linux-x86_64, r-release-macos-arm64, r-release-macos-x86_64, r-release-windows-ix86+x86_64