CRAN Package Check Results for Package bootUR

Last updated on 2021-11-29 19:51:24 CET.

Flavor Version Tinstall Tcheck Ttotal Status Flags
r-devel-linux-x86_64-debian-clang 0.4.2 54.46 96.87 151.33 NOTE
r-devel-linux-x86_64-debian-gcc 0.4.2 42.01 73.90 115.91 NOTE
r-devel-linux-x86_64-fedora-clang 0.4.2 209.22 NOTE
r-devel-linux-x86_64-fedora-gcc 0.4.2 200.98 NOTE
r-devel-windows-x86_64-new-UL 0.4.2 65.00 214.00 279.00 NOTE
r-devel-windows-x86_64-new-TK 0.4.1 NOTE
r-devel-windows-x86_64-old 0.4.2 65.00 140.00 205.00 NOTE
r-patched-linux-x86_64 0.4.1 44.45 100.52 144.97 NOTE
r-patched-solaris-x86 0.4.2 140.20 NOTE
r-release-linux-x86_64 0.4.2 46.59 100.69 147.28 NOTE
r-release-macos-arm64 0.4.2 NOTE
r-release-macos-x86_64 0.4.2 NOTE
r-release-windows-ix86+x86_64 0.4.2 117.00 193.00 310.00 NOTE
r-oldrel-macos-x86_64 0.4.2 NOTE
r-oldrel-windows-ix86+x86_64 0.4.2 86.00 154.00 240.00 NOTE

Check Details

Version: 0.4.2
Check: for GNU extensions in Makefiles
Result: NOTE
    GNU make is a SystemRequirements.
Flavors: r-devel-linux-x86_64-debian-clang, r-devel-linux-x86_64-debian-gcc, r-devel-linux-x86_64-fedora-clang, r-devel-linux-x86_64-fedora-gcc, r-devel-windows-x86_64-new-UL, r-devel-windows-x86_64-old, r-patched-solaris-x86, r-release-linux-x86_64, r-release-macos-arm64, r-release-macos-x86_64, r-release-windows-ix86+x86_64, r-oldrel-macos-x86_64, r-oldrel-windows-ix86+x86_64

Version: 0.4.1
Check: for GNU extensions in Makefiles
Result: NOTE
    GNU make is a SystemRequirements.
Flavors: r-devel-windows-x86_64-new-TK, r-patched-linux-x86_64

Version: 0.4.2
Check: installed package size
Result: NOTE
     installed size is 6.3Mb
     sub-directories of 1Mb or more:
     libs 5.9Mb
Flavors: r-release-macos-arm64, r-release-macos-x86_64, r-oldrel-macos-x86_64