CRAN Package Check Results for Package boundingbox

Last updated on 2024-05-18 22:27:30 CEST.

Flavor Version Tinstall Tcheck Ttotal Status Flags
r-devel-linux-x86_64-debian-clang 1.0.1 2.18 31.84 34.02 NOTE
r-devel-linux-x86_64-debian-gcc 1.0.1 2.22 24.51 26.73 NOTE
r-devel-linux-x86_64-fedora-clang 1.0.1 46.62 NOTE
r-devel-linux-x86_64-fedora-gcc 1.0.1 55.66 NOTE
r-devel-windows-x86_64 1.0.1 4.00 47.00 51.00 NOTE
r-patched-linux-x86_64 1.0.1 2.24 30.28 32.52 NOTE
r-release-linux-x86_64 1.0.1 2.61 30.69 33.30 NOTE
r-release-macos-arm64 1.0.1 26.00 NOTE
r-release-windows-x86_64 1.0.1 4.00 71.00 75.00 NOTE
r-oldrel-macos-arm64 1.0.1 27.00 NOTE
r-oldrel-macos-x86_64 1.0.1 32.00 NOTE
r-oldrel-windows-x86_64 1.0.1 4.00 48.00 52.00 NOTE

Check Details

Version: 1.0.1
Check: LazyData
Result: NOTE 'LazyData' is specified without a 'data' directory Flavors: r-devel-linux-x86_64-debian-clang, r-devel-linux-x86_64-debian-gcc, r-devel-linux-x86_64-fedora-clang, r-devel-linux-x86_64-fedora-gcc, r-devel-windows-x86_64, r-patched-linux-x86_64, r-release-linux-x86_64, r-release-macos-arm64, r-release-windows-x86_64, r-oldrel-macos-arm64, r-oldrel-macos-x86_64, r-oldrel-windows-x86_64