CRAN Package Check Results for Package bpnreg

Last updated on 2022-01-16 19:49:20 CET.

Flavor Version Tinstall Tcheck Ttotal Status Flags
r-devel-linux-x86_64-debian-clang 2.0.2 94.40 73.60 168.00 OK
r-devel-linux-x86_64-debian-gcc 2.0.2 68.79 59.33 128.12 OK
r-devel-linux-x86_64-fedora-clang 2.0.2 222.96 OK
r-devel-linux-x86_64-fedora-gcc 2.0.2 191.97 OK
r-devel-windows-x86_64-new-UL 2.0.2 96.00 114.00 210.00 OK
r-devel-windows-x86_64-new-TK 2.0.2 OK
r-patched-linux-x86_64 2.0.2 61.24 67.34 128.58 OK
r-release-linux-x86_64 2.0.2 OK
r-release-macos-arm64 2.0.2 NOTE
r-release-macos-x86_64 2.0.2 NOTE
r-release-windows-ix86+x86_64 2.0.2 199.00 117.00 316.00 OK
r-oldrel-macos-x86_64 2.0.2 NOTE
r-oldrel-windows-ix86+x86_64 2.0.2 198.00 116.00 314.00 OK

Check Details

Version: 2.0.2
Check: installed package size
Result: NOTE
     installed size is 6.0Mb
     sub-directories of 1Mb or more:
     libs 5.6Mb
Flavors: r-release-macos-arm64, r-release-macos-x86_64, r-oldrel-macos-x86_64