CRAN Package Check Results for Package breathtestcore

Last updated on 2022-01-26 19:50:26 CET.

Flavor Version Tinstall Tcheck Ttotal Status Flags
r-devel-linux-x86_64-debian-clang 0.8.1 14.69 204.38 219.07 OK
r-devel-linux-x86_64-debian-gcc 0.8.1 11.65 152.38 164.03 OK
r-devel-linux-x86_64-fedora-clang 0.8.1 256.11 NOTE
r-devel-linux-x86_64-fedora-gcc 0.8.1 247.35 NOTE
r-devel-windows-x86_64-new-UL 0.8.1 386.00 239.00 625.00 OK
r-devel-windows-x86_64-new-TK 0.8.1 OK
r-patched-linux-x86_64 0.8.1 10.87 188.75 199.62 OK
r-release-linux-x86_64 0.8.1 8.91 187.44 196.35 OK
r-release-macos-arm64 0.8.1 OK
r-release-macos-x86_64 0.8.1 OK
r-release-windows-ix86+x86_64 0.8.1 28.00 226.00 254.00 OK
r-oldrel-macos-x86_64 0.8.1 OK
r-oldrel-windows-ix86+x86_64 0.8.1 29.00 233.00 262.00 OK

Check Details

Version: 0.8.1
Check: package dependencies
Result: NOTE
    Package suggested but not available for checking: ‘breathteststan’
Flavors: r-devel-linux-x86_64-fedora-clang, r-devel-linux-x86_64-fedora-gcc

Version: 0.8.1
Check: Rd cross-references
Result: NOTE
    Undeclared package ‘generics’ in Rd xrefs
Flavor: r-devel-linux-x86_64-fedora-clang