CRAN Package Check Results for Package bridger

Last updated on 2021-12-01 19:51:31 CET.

Flavor Version Tinstall Tcheck Ttotal Status Flags
r-devel-linux-x86_64-debian-clang 0.1.0 6.52 51.83 58.35 OK
r-devel-linux-x86_64-debian-gcc 0.1.0 4.64 38.62 43.26 OK
r-devel-linux-x86_64-fedora-clang 0.1.0 80.43 NOTE
r-devel-linux-x86_64-fedora-gcc 0.1.0 69.02 NOTE
r-devel-windows-x86_64-new-UL 0.1.0 16.00 90.00 106.00 OK
r-devel-windows-x86_64-new-TK 0.1.0 NOTE
r-devel-windows-x86_64-old 0.1.0 12.00 54.00 66.00 OK
r-patched-linux-x86_64 0.1.0 6.94 48.09 55.03 OK
r-patched-solaris-x86 0.1.0 95.50 NOTE
r-release-linux-x86_64 0.1.0 6.44 48.54 54.98 OK
r-release-macos-arm64 0.1.0 NOTE
r-release-macos-x86_64 0.1.0 NOTE
r-release-windows-ix86+x86_64 0.1.0 17.00 55.00 72.00 OK
r-oldrel-macos-x86_64 0.1.0 NOTE
r-oldrel-windows-ix86+x86_64 0.1.0 11.00 51.00 62.00 OK

Check Details

Version: 0.1.0
Check: dependencies in R code
Result: NOTE
    Namespace in Imports field not imported from: ‘kableExtra’
     All declared Imports should be used.
Flavors: r-devel-linux-x86_64-fedora-clang, r-devel-linux-x86_64-fedora-gcc, r-devel-windows-x86_64-new-TK, r-patched-solaris-x86, r-release-macos-arm64, r-release-macos-x86_64, r-oldrel-macos-x86_64