Last updated on 2025-01-25 19:48:40 CET.
Flavor | Version | Tinstall | Tcheck | Ttotal | Status | Flags |
---|---|---|---|---|---|---|
r-devel-linux-x86_64-debian-clang | 1.1-2 | 11.01 | 263.70 | 274.71 | OK | |
r-devel-linux-x86_64-debian-gcc | 1.1-2 | 6.74 | 200.18 | 206.92 | OK | |
r-devel-linux-x86_64-fedora-clang | 1.1-2 | 424.46 | OK | |||
r-devel-linux-x86_64-fedora-gcc | 1.1-2 | 503.54 | OK | |||
r-devel-windows-x86_64 | 1.1-2 | 11.00 | 158.00 | 169.00 | OK | |
r-patched-linux-x86_64 | 1.1-2 | 9.08 | 271.75 | 280.83 | OK | |
r-release-linux-x86_64 | 1.1-2 | 9.90 | 279.11 | 289.01 | OK | |
r-release-macos-arm64 | 1.1-2 | 126.00 | OK | |||
r-release-macos-x86_64 | 1.1-2 | 250.00 | OK | |||
r-release-windows-x86_64 | 1.1-2 | 11.00 | 161.00 | 172.00 | OK | |
r-oldrel-macos-arm64 | 1.1-2 | 106.00 | OK | |||
r-oldrel-macos-x86_64 | 1.1-2 | 118.00 | NOTE | |||
r-oldrel-windows-x86_64 | 1.1-2 | 14.00 | 199.00 | 213.00 | OK |
Version: 1.1-2
Check: package dependencies
Result: NOTE
Packages suggested but not available for checking:
'BayesFactor', 'rstan', 'rstanarm', 'MCMCpack'
Flavor: r-oldrel-macos-x86_64