CRAN Package Check Results for Package bridgesampling

Last updated on 2024-07-14 21:48:07 CEST.

Flavor Version Tinstall Tcheck Ttotal Status Flags
r-devel-linux-x86_64-debian-clang 1.1-2 11.13 374.34 385.47 OK
r-devel-linux-x86_64-debian-gcc 1.1-2 9.64 270.64 280.28 OK
r-devel-linux-x86_64-fedora-clang 1.1-2 438.14 OK
r-devel-linux-x86_64-fedora-gcc 1.1-2 512.85 OK
r-devel-windows-x86_64 1.1-2 12.00 158.00 170.00 OK
r-patched-linux-x86_64 1.1-2 12.75 355.52 368.27 OK
r-release-linux-x86_64 1.1-2 11.62 351.02 362.64 OK
r-release-macos-arm64 1.1-2 126.00 OK
r-release-macos-x86_64 1.1-2 250.00 OK
r-release-windows-x86_64 1.1-2 10.00 160.00 170.00 OK
r-oldrel-macos-arm64 1.1-2 106.00 OK
r-oldrel-macos-x86_64 1.1-2 118.00 NOTE
r-oldrel-windows-x86_64 1.1-2 14.00 203.00 217.00 OK

Check Details

Version: 1.1-2
Check: package dependencies
Result: NOTE Packages suggested but not available for checking: 'BayesFactor', 'rstan', 'rstanarm', 'MCMCpack' Flavor: r-oldrel-macos-x86_64