CRAN Package Check Results for Package broom.mixed

Last updated on 2021-04-21 21:49:51 CEST.

Flavor Version Tinstall Tcheck Ttotal Status Flags
r-devel-linux-x86_64-debian-clang 0.2.6 13.64 193.75 207.39 NOTE
r-devel-linux-x86_64-debian-gcc 0.2.6 9.86 143.09 152.95 NOTE
r-devel-linux-x86_64-fedora-clang 0.2.6 245.50 NOTE
r-devel-linux-x86_64-fedora-gcc 0.2.6 238.98 NOTE
r-devel-windows-ix86+x86_64 0.2.6 27.00 235.00 262.00 NOTE
r-devel-windows-x86_64-gcc10-UCRT 0.2.6 NOTE
r-patched-linux-x86_64 0.2.6 14.50 181.45 195.95 WARN
r-patched-solaris-x86 0.2.6 358.00 NOTE
r-release-linux-x86_64 0.2.6 11.31 182.04 193.35 NOTE
r-release-macos-x86_64 0.2.6 NOTE
r-release-windows-ix86+x86_64 0.2.6 27.00 233.00 260.00 NOTE
r-oldrel-macos-x86_64 0.2.6 NOTE
r-oldrel-windows-ix86+x86_64 0.2.6 24.00 220.00 244.00 NOTE

Check Details

Version: 0.2.6
Check: package dependencies
Result: NOTE
    Package suggested but not available for checking: 'glmmADMB'
Flavors: r-devel-linux-x86_64-debian-clang, r-devel-linux-x86_64-debian-gcc, r-devel-linux-x86_64-fedora-clang, r-devel-linux-x86_64-fedora-gcc, r-devel-windows-ix86+x86_64, r-devel-windows-x86_64-gcc10-UCRT, r-patched-linux-x86_64, r-patched-solaris-x86, r-release-linux-x86_64, r-release-macos-x86_64, r-release-windows-ix86+x86_64, r-oldrel-macos-x86_64, r-oldrel-windows-ix86+x86_64

Version: 0.2.6
Check: whether package can be installed
Result: WARN
    Found the following significant warnings:
     Rd warning: /tmp/RtmpGF9u88/R.INSTALL531e2857e053/broom.mixed/man/lme4_tidiers.Rd:49: file link ‘coef.merMod’ in package ‘lme4’ does not exist and so has been treated as a topic
     Rd warning: /tmp/RtmpGF9u88/R.INSTALL531e2857e053/broom.mixed/man/reexports.Rd:16: file link ‘augment’ in package ‘broom’ does not exist and so has been treated as a topic
     Rd warning: /tmp/RtmpGF9u88/R.INSTALL531e2857e053/broom.mixed/man/reexports.Rd:16: file link ‘glance’ in package ‘broom’ does not exist and so has been treated as a topic
     Rd warning: /tmp/RtmpGF9u88/R.INSTALL531e2857e053/broom.mixed/man/reexports.Rd:16: file link ‘tidy’ in package ‘broom’ does not exist and so has been treated as a topic
Flavor: r-patched-linux-x86_64