CRAN Package Check Results for Package broom.mixed

Last updated on 2022-12-06 19:55:41 CET.

Flavor Version Tinstall Tcheck Ttotal Status Flags
r-devel-linux-x86_64-debian-clang 0.2.9.4 11.19 175.71 186.90 NOTE
r-devel-linux-x86_64-debian-gcc 0.2.9.4 7.75 124.85 132.60 NOTE
r-devel-linux-x86_64-fedora-clang 0.2.9.4 240.22 NOTE
r-devel-linux-x86_64-fedora-gcc 0.2.9.4 238.97 NOTE
r-devel-windows-x86_64 0.2.9.4 49.00 199.00 248.00 NOTE
r-patched-linux-x86_64 0.2.9.4 6.65 163.22 169.87 NOTE
r-release-linux-x86_64 0.2.9.4 6.46 161.28 167.74 NOTE
r-release-macos-arm64 0.2.9.4 65.00 NOTE
r-release-macos-x86_64 0.2.9.4 96.00 NOTE
r-release-windows-x86_64 0.2.9.4 42.00 194.00 236.00 NOTE
r-oldrel-macos-arm64 0.2.9.4 48.00 NOTE
r-oldrel-macos-x86_64 0.2.9.4 86.00 NOTE
r-oldrel-windows-ix86+x86_64 0.2.9.4 25.00 192.00 217.00 NOTE

Check Details

Version: 0.2.9.4
Check: package dependencies
Result: NOTE
    Package suggested but not available for checking: 'glmmADMB'
Flavors: r-devel-linux-x86_64-debian-clang, r-devel-linux-x86_64-debian-gcc, r-devel-linux-x86_64-fedora-clang, r-devel-linux-x86_64-fedora-gcc, r-devel-windows-x86_64, r-patched-linux-x86_64, r-release-linux-x86_64, r-release-macos-arm64, r-release-macos-x86_64, r-release-windows-x86_64, r-oldrel-macos-arm64, r-oldrel-macos-x86_64, r-oldrel-windows-ix86+x86_64