CRAN Package Check Results for Package broomExtra

Last updated on 2021-12-03 19:50:05 CET.

Flavor Version Tinstall Tcheck Ttotal Status Flags
r-devel-linux-x86_64-debian-clang 4.3.0 5.53 95.81 101.34 OK
r-devel-linux-x86_64-debian-gcc 4.3.0 3.99 72.24 76.23 OK
r-devel-linux-x86_64-fedora-clang 4.3.0 130.95 NOTE
r-devel-linux-x86_64-fedora-gcc 4.3.0 117.19 OK
r-devel-windows-x86_64-new-UL 4.3.0 15.00 132.00 147.00 OK
r-devel-windows-x86_64-new-TK 4.3.0 OK
r-devel-windows-x86_64-old 4.3.0 16.00 90.00 106.00 OK
r-patched-linux-x86_64 4.3.0 3.18 88.92 92.10 OK
r-release-linux-x86_64 4.3.0 5.38 88.13 93.51 OK
r-release-macos-arm64 4.3.0 OK
r-release-macos-x86_64 4.3.0 OK
r-release-windows-ix86+x86_64 4.3.0 21.00 119.00 140.00 OK
r-oldrel-macos-x86_64 4.3.0 OK
r-oldrel-windows-ix86+x86_64 4.3.0 22.00 117.00 139.00 OK

Check Details

Version: 4.3.0
Check: Rd cross-references
Result: NOTE
    Undeclared package ‘tibble’ in Rd xrefs
Flavor: r-devel-linux-x86_64-fedora-clang