Last updated on 2023-02-05 19:51:08 CET.
Flavor | Version | Tinstall | Tcheck | Ttotal | Status | Flags |
---|---|---|---|---|---|---|
r-devel-linux-x86_64-debian-clang | 2.2.1 | 10.61 | 96.76 | 107.37 | OK | |
r-devel-linux-x86_64-debian-gcc | 2.2.1 | 8.88 | 73.19 | 82.07 | OK | |
r-devel-linux-x86_64-fedora-clang | 2.2.1 | 133.94 | NOTE | |||
r-devel-linux-x86_64-fedora-gcc | 2.2.1 | 138.17 | OK | |||
r-devel-windows-x86_64 | 2.2.1 | 74.00 | 180.00 | 254.00 | NOTE | |
r-patched-linux-x86_64 | 2.2.1 | 17.43 | 83.68 | 101.11 | OK | |
r-release-linux-x86_64 | 2.2.1 | 8.33 | 80.44 | 88.77 | OK | |
r-release-macos-arm64 | 2.2.1 | 59.00 | NOTE | |||
r-release-macos-x86_64 | 2.2.1 | 93.00 | NOTE | |||
r-release-windows-x86_64 | 2.2.1 | 90.00 | 154.00 | 244.00 | NOTE | |
r-oldrel-macos-arm64 | 2.2.1 | 64.00 | NOTE | |||
r-oldrel-macos-x86_64 | 2.2.1 | 86.00 | NOTE | |||
r-oldrel-windows-ix86+x86_64 | 2.2.1 | 21.00 | 140.00 | 161.00 | NOTE |
Version: 2.2.1
Check: installed package size
Result: NOTE
installed size is 5.7Mb
sub-directories of 1Mb or more:
doc 2.0Mb
help 1.3Mb
Flavors: r-devel-linux-x86_64-fedora-clang, r-devel-windows-x86_64, r-release-macos-arm64, r-release-macos-x86_64, r-release-windows-x86_64, r-oldrel-macos-arm64, r-oldrel-macos-x86_64, r-oldrel-windows-ix86+x86_64