Last updated on 2022-05-27 21:51:18 CEST.
Flavor | Version | Tinstall | Tcheck | Ttotal | Status | Flags |
---|---|---|---|---|---|---|
r-devel-linux-x86_64-debian-clang | 1.1.3 | 14.36 | 121.55 | 135.91 | OK | |
r-devel-linux-x86_64-debian-gcc | 1.1.3 | 10.64 | 89.29 | 99.93 | OK | |
r-devel-linux-x86_64-fedora-clang | 1.1.3 | 158.18 | NOTE | |||
r-devel-linux-x86_64-fedora-gcc | 1.1.3 | 150.81 | NOTE | |||
r-devel-windows-x86_64 | 1.1.3 | 22.00 | 126.00 | 148.00 | OK | |
r-patched-linux-x86_64 | 1.1.3 | 13.53 | 111.10 | 124.63 | OK | |
r-release-linux-x86_64 | 1.1.3 | 11.93 | 110.85 | 122.78 | OK | |
r-release-macos-arm64 | 1.1.3 | 52.00 | NOTE | |||
r-release-macos-x86_64 | 1.1.3 | 63.00 | NOTE | |||
r-release-windows-x86_64 | 1.1.3 | 20.00 | 128.00 | 148.00 | OK | |
r-oldrel-macos-arm64 | 1.1.3 | 36.00 | NOTE | |||
r-oldrel-macos-x86_64 | 1.1.3 | 73.00 | NOTE | |||
r-oldrel-windows-ix86+x86_64 | 1.1.3 | 28.00 | 119.00 | 147.00 | OK |
Version: 1.1.3
Check: dependencies in R code
Result: NOTE
Namespaces in Imports field not imported from:
‘rworldxtra’ ‘sp’
All declared Imports should be used.
Flavors: r-devel-linux-x86_64-fedora-clang, r-devel-linux-x86_64-fedora-gcc, r-release-macos-arm64, r-release-macos-x86_64, r-oldrel-macos-arm64, r-oldrel-macos-x86_64