CRAN Package Check Results for Package bspline

Last updated on 2024-02-22 19:55:27 CET.

Flavor Version Tinstall Tcheck Ttotal Status Flags
r-devel-linux-x86_64-debian-clang 2.2 NOTE
r-devel-linux-x86_64-debian-gcc 2.2 32.20 25.55 57.75 NOTE
r-devel-linux-x86_64-fedora-clang 2.2 102.95 OK
r-devel-linux-x86_64-fedora-gcc 2.2 103.14 OK
r-devel-windows-x86_64 2.2 31.00 72.00 103.00 OK
r-patched-linux-x86_64 2.2 38.54 32.73 71.27 OK
r-release-linux-x86_64 2.2 36.92 32.24 69.16 OK
r-release-macos-arm64 2.2 29.00 OK
r-release-macos-x86_64 2.2 65.00 OK
r-release-windows-x86_64 2.2 40.00 74.00 114.00 OK
r-oldrel-macos-arm64 2.2 33.00 OK
r-oldrel-windows-x86_64 2.2 36.00 72.00 108.00 OK

Check Details

Version: 2.2
Check: Rd files
Result: NOTE checkRd: (-1) bsc.Rd:51: Lost braces; missing escapes or markup? 51 | {splines::bs()}, {splines2::bSpline()} | ^ checkRd: (-1) bsp.Rd:37: Lost braces; missing escapes or markup? 37 | {bsc}, {par2bsp} | ^ checkRd: (-1) bspline.Rd:23: Lost braces in \itemize; meant \describe ? checkRd: (-1) bspline.Rd:24: Lost braces in \itemize; meant \describe ? checkRd: (-1) bspline.Rd:25: Lost braces in \itemize; meant \describe ? checkRd: (-1) bspline.Rd:26: Lost braces in \itemize; meant \describe ? checkRd: (-1) bspline.Rd:27: Lost braces in \itemize; meant \describe ? checkRd: (-1) bspline.Rd:28: Lost braces in \itemize; meant \describe ? checkRd: (-1) bspline.Rd:29: Lost braces in \itemize; meant \describe ? checkRd: (-1) bspline.Rd:30: Lost braces in \itemize; meant \describe ? Flavors: r-devel-linux-x86_64-debian-clang, r-devel-linux-x86_64-debian-gcc